CRAN Package Check Results for Package spc

Last updated on 2024-02-20 18:49:36 CET.

Flavor Version Tinstall Tcheck Ttotal Status Flags
r-devel-linux-x86_64-debian-clang 0.6.7 NOTE
r-devel-linux-x86_64-debian-gcc 0.6.7 55.26 57.71 112.97 NOTE
r-devel-linux-x86_64-fedora-clang 0.6.7 159.73 OK
r-devel-linux-x86_64-fedora-gcc 0.6.7 184.16 OK
r-devel-windows-x86_64 0.6.7 70.00 98.00 168.00 OK
r-patched-linux-x86_64 0.6.7 69.52 78.77 148.29 OK
r-release-linux-x86_64 0.6.7 69.54 77.65 147.19 OK
r-release-macos-arm64 0.6.7 48.00 OK
r-release-macos-x86_64 0.6.7 87.00 OK
r-release-windows-x86_64 0.6.7 76.00 112.00 188.00 OK
r-oldrel-macos-arm64 0.6.7 46.00 OK
r-oldrel-windows-x86_64 0.6.7 93.00 112.00 205.00 OK

Check Details

Version: 0.6.7
Check: Rd files
Result: NOTE checkRd: (-1) dphat.Rd:25: Lost braces 25 | These results were heavily used in Krumbholz/Z\"{o}ller (1995) for Shewhart and in Knoth/Steinmetz (2013) for EWMA control charts. | ^ checkRd: (-1) dphat.Rd:38: Lost braces 38 | W. Krumbholz and A. Z\"{o}ller (1995), | ^ checkRd: (-1) dphat.Rd:39: Lost braces 39 | \code{p}-Karten vom Shewhartschen Typ f\"{u}r die messende Pr\"{u}fung, | ^ checkRd: (-1) dphat.Rd:39: Lost braces 39 | \code{p}-Karten vom Shewhartschen Typ f\"{u}r die messende Pr\"{u}fung, | ^ checkRd: (-1) xshewhartrunsrules.arl.Rd:37-38: Lost braces in \itemize; meant \describe ? checkRd: (-1) xshewhartrunsrules.arl.Rd:39-40: Lost braces in \itemize; meant \describe ? checkRd: (-1) xshewhartrunsrules.arl.Rd:41-42: Lost braces in \itemize; meant \describe ? checkRd: (-1) xshewhartrunsrules.arl.Rd:43-44: Lost braces in \itemize; meant \describe ? Flavors: r-devel-linux-x86_64-debian-clang, r-devel-linux-x86_64-debian-gcc