Last updated on 2023-12-01 18:51:25 CET.
Flavor | Version | Tinstall | Tcheck | Ttotal | Status | Flags |
---|---|---|---|---|---|---|
r-devel-linux-x86_64-debian-clang | 0.4-2 | 13.34 | 212.58 | 225.92 | NOTE | |
r-devel-linux-x86_64-debian-gcc | 0.4-2 | 10.23 | 151.23 | 161.46 | NOTE | |
r-devel-linux-x86_64-fedora-clang | 0.4-2 | 270.06 | NOTE | |||
r-devel-linux-x86_64-fedora-gcc | 0.4-2 | 278.63 | NOTE | |||
r-devel-windows-x86_64 | 0.4-2 | 12.00 | 153.00 | 165.00 | NOTE | |
r-patched-linux-x86_64 | 0.4-2 | 17.88 | 197.06 | 214.94 | OK | |
r-release-linux-x86_64 | 0.4-2 | 13.17 | 199.33 | 212.50 | OK | |
r-release-macos-arm64 | 0.4-2 | 85.00 | OK | |||
r-release-macos-x86_64 | 0.4-2 | 175.00 | OK | |||
r-release-windows-x86_64 | 0.4-2 | 16.00 | 200.00 | 216.00 | OK | |
r-oldrel-macos-arm64 | 0.4-2 | 81.00 | OK | |||
r-oldrel-macos-x86_64 | 0.4-2 | 103.00 | OK | |||
r-oldrel-windows-x86_64 | 0.4-2 | 16.00 | 207.00 | 223.00 | OK |
Version: 0.4-2
Check: Rd files
Result: NOTE
checkRd: (-1) NEWS.Rd:137: Escaped LaTeX specials: \&
Flavors: r-devel-linux-x86_64-debian-clang, r-devel-linux-x86_64-debian-gcc, r-devel-linux-x86_64-fedora-clang, r-devel-linux-x86_64-fedora-gcc, r-devel-windows-x86_64