Last updated on 2023-12-06 18:53:00 CET.
Flavor | Version | Tinstall | Tcheck | Ttotal | Status | Flags |
---|---|---|---|---|---|---|
r-devel-linux-x86_64-debian-clang | 0.0.1.7 | 57.73 | 32.77 | 90.50 | NOTE | |
r-devel-linux-x86_64-debian-gcc | 0.0.1.7 | 34.93 | 26.11 | 61.04 | NOTE | |
r-devel-linux-x86_64-fedora-clang | 0.0.1.7 | 147.08 | NOTE | |||
r-devel-linux-x86_64-fedora-gcc | 0.0.1.7 | 148.42 | NOTE | |||
r-devel-windows-x86_64 | 0.0.1.7 | 45.00 | 71.00 | 116.00 | NOTE | |
r-patched-linux-x86_64 | 0.0.1.7 | 45.98 | 32.29 | 78.27 | NOTE | |
r-release-linux-x86_64 | 0.0.1.7 | 44.01 | 32.79 | 76.80 | NOTE | |
r-release-macos-arm64 | 0.0.1.7 | 40.00 | NOTE | |||
r-release-macos-x86_64 | 0.0.1.7 | 68.00 | NOTE | |||
r-release-windows-x86_64 | 0.0.1.7 | 44.00 | 79.00 | 123.00 | NOTE | |
r-oldrel-macos-arm64 | 0.0.1.7 | 36.00 | NOTE | |||
r-oldrel-macos-x86_64 | 0.0.1.7 | 45.00 | NOTE | |||
r-oldrel-windows-x86_64 | 0.0.1.7 | 53.00 | 76.00 | 129.00 | NOTE |
Version: 0.0.1.7
Check: package subdirectories
Result: NOTE
Problems with news in ‘NEWS.md’:
Cannot extract version info from the following section titles:
Roadmap of specklestar package
Flavors: r-devel-linux-x86_64-debian-clang, r-devel-linux-x86_64-debian-gcc, r-devel-linux-x86_64-fedora-clang, r-devel-linux-x86_64-fedora-gcc, r-devel-windows-x86_64, r-patched-linux-x86_64, r-release-linux-x86_64, r-release-macos-arm64, r-release-macos-x86_64, r-release-windows-x86_64
Version: 0.0.1.7
Check: LazyData
Result: NOTE
'LazyData' is specified without a 'data' directory
Flavors: r-devel-linux-x86_64-debian-clang, r-devel-linux-x86_64-debian-gcc, r-devel-linux-x86_64-fedora-clang, r-devel-linux-x86_64-fedora-gcc, r-devel-windows-x86_64, r-patched-linux-x86_64, r-release-linux-x86_64, r-release-macos-arm64, r-release-macos-x86_64, r-release-windows-x86_64, r-oldrel-macos-arm64, r-oldrel-macos-x86_64, r-oldrel-windows-x86_64