Last updated on 2023-11-28 18:49:34 CET.
Flavor | Version | Tinstall | Tcheck | Ttotal | Status | Flags |
---|---|---|---|---|---|---|
r-devel-linux-x86_64-debian-clang | 0.0.18 | 8.93 | 98.37 | 107.30 | NOTE | |
r-devel-linux-x86_64-debian-gcc | 0.0.18 | 5.14 | 74.72 | 79.86 | NOTE | |
r-devel-linux-x86_64-fedora-clang | 0.0.18 | 131.84 | NOTE | |||
r-devel-linux-x86_64-fedora-gcc | 0.0.18 | 137.92 | NOTE | |||
r-devel-windows-x86_64 | 0.0.18 | 10.00 | 144.00 | 154.00 | NOTE | |
r-patched-linux-x86_64 | 0.0.18 | 8.31 | 94.62 | 102.93 | OK | |
r-release-linux-x86_64 | 0.0.18 | 5.00 | 93.58 | 98.58 | OK | |
r-release-macos-arm64 | 0.0.18 | 56.00 | OK | |||
r-release-macos-x86_64 | 0.0.18 | 79.00 | OK | |||
r-release-windows-x86_64 | 0.0.18 | 14.00 | 131.00 | 145.00 | OK | |
r-oldrel-macos-arm64 | 0.0.18 | 43.00 | OK | |||
r-oldrel-macos-x86_64 | 0.0.18 | 60.00 | OK | |||
r-oldrel-windows-x86_64 | 0.0.18 | 12.00 | 123.00 | 135.00 | OK |
Version: 0.0.18
Check: Rd \usage sections
Result: NOTE
Documented arguments not in \usage in Rd file 'i_is_index.Rd':
‘max_length’
Documented arguments not in \usage in Rd file 'i_read_asd_spectra.Rd':
‘format’
Functions with \usage entries need to have the appropriate \alias
entries, and all their arguments documented.
The \usage entries must correspond to syntactically valid R code.
See chapter ‘Writing R documentation files’ in the ‘Writing R
Extensions’ manual.
Flavors: r-devel-linux-x86_64-debian-clang, r-devel-linux-x86_64-debian-gcc, r-devel-linux-x86_64-fedora-clang, r-devel-linux-x86_64-fedora-gcc, r-devel-windows-x86_64