Last updated on 2023-12-02 18:53:58 CET.
Flavor | Version | Tinstall | Tcheck | Ttotal | Status | Flags |
---|---|---|---|---|---|---|
r-devel-linux-x86_64-debian-clang | 1.1.0 | 198.50 | 170.37 | 368.87 | OK | |
r-devel-linux-x86_64-debian-gcc | 1.1.0 | 144.77 | 120.88 | 265.65 | OK | |
r-devel-linux-x86_64-fedora-clang | 1.1.0 | 527.94 | NOTE | |||
r-devel-linux-x86_64-fedora-gcc | 1.1.0 | 552.16 | NOTE | |||
r-devel-windows-x86_64 | 1.1.0 | 149.00 | 265.00 | 414.00 | OK | |
r-patched-linux-x86_64 | 1.1.0 | 177.19 | 164.63 | 341.82 | OK | |
r-release-linux-x86_64 | 1.1.0 | 183.24 | 163.57 | 346.81 | OK | |
r-release-macos-arm64 | 1.1.0 | 160.00 | NOTE | |||
r-release-macos-x86_64 | 1.1.0 | 238.00 | NOTE | |||
r-release-windows-x86_64 | 1.1.0 | 200.00 | 286.00 | 486.00 | OK | |
r-oldrel-macos-arm64 | 1.1.0 | 144.00 | NOTE | |||
r-oldrel-macos-x86_64 | 1.1.0 | 197.00 | NOTE | |||
r-oldrel-windows-x86_64 | 1.1.0 | 186.00 | 276.00 | 462.00 | OK |
Version: 1.1.0
Check: data for non-ASCII characters
Result: NOTE
Note: found 189 marked UTF-8 strings
Flavors: r-devel-linux-x86_64-fedora-clang, r-devel-linux-x86_64-fedora-gcc
Version: 1.1.0
Check: installed package size
Result: NOTE
installed size is 17.0Mb
sub-directories of 1Mb or more:
libs 15.9Mb
Flavors: r-release-macos-arm64, r-release-macos-x86_64, r-oldrel-macos-arm64, r-oldrel-macos-x86_64