Last updated on 2023-12-02 18:53:58 CET.
Flavor | Version | Tinstall | Tcheck | Ttotal | Status | Flags |
---|---|---|---|---|---|---|
r-devel-linux-x86_64-debian-clang | 1.1-19 | 17.80 | 131.95 | 149.75 | OK | |
r-devel-linux-x86_64-debian-gcc | 1.1-19 | 14.23 | 97.43 | 111.66 | OK | |
r-devel-linux-x86_64-fedora-clang | 1.1-19 | 193.08 | OK | |||
r-devel-linux-x86_64-fedora-gcc | 1.1-19 | 190.95 | OK | |||
r-devel-windows-x86_64 | 1.1-19 | 18.00 | 122.00 | 140.00 | OK | --no-vignettes |
r-patched-linux-x86_64 | 1.1-19 | 18.31 | 122.94 | 141.25 | OK | |
r-release-linux-x86_64 | 1.1-19 | 16.45 | 125.81 | 142.26 | OK | |
r-release-macos-arm64 | 1.1-19 | 66.00 | OK | |||
r-release-macos-x86_64 | 1.1-19 | 103.00 | NOTE | |||
r-release-windows-x86_64 | 1.1-19 | 22.00 | 131.00 | 153.00 | OK | --no-vignettes |
r-oldrel-macos-arm64 | 1.1-19 | 52.00 | OK | |||
r-oldrel-macos-x86_64 | 1.1-19 | 77.00 | OK | |||
r-oldrel-windows-x86_64 | 1.1-19 | 23.00 | 148.00 | 171.00 | OK | --no-vignettes |
Version: 1.1-19
Check: package dependencies
Result: NOTE
Package suggested but not available for checking: ‘mboost’
Flavor: r-release-macos-x86_64