Last updated on 2023-12-07 18:49:43 CET.
Flavor | Version | Tinstall | Tcheck | Ttotal | Status | Flags |
---|---|---|---|---|---|---|
r-devel-linux-x86_64-debian-clang | 0.3.6 | 7.93 | 339.89 | 347.82 | NOTE | |
r-devel-linux-x86_64-debian-gcc | 0.3.6 | 6.19 | 254.88 | 261.07 | NOTE | |
r-devel-linux-x86_64-fedora-clang | 0.3.6 | 418.07 | NOTE | |||
r-devel-linux-x86_64-fedora-gcc | 0.3.6 | 445.80 | NOTE | |||
r-devel-windows-x86_64 | 0.3.6 | 10.00 | 263.00 | 273.00 | NOTE | |
r-patched-linux-x86_64 | 0.3.6 | 6.68 | 329.68 | 336.36 | NOTE | |
r-release-linux-x86_64 | 0.3.6 | 6.63 | 322.76 | 329.39 | NOTE | |
r-release-macos-arm64 | 0.3.6 | 125.00 | NOTE | |||
r-release-macos-x86_64 | 0.3.6 | 197.00 | NOTE | |||
r-release-windows-x86_64 | 0.3.6 | 11.00 | 346.00 | 357.00 | NOTE | |
r-oldrel-macos-arm64 | 0.3.6 | 165.00 | OK | |||
r-oldrel-macos-x86_64 | 0.3.6 | 212.00 | OK | |||
r-oldrel-windows-x86_64 | 0.3.6 | 12.00 | 339.00 | 351.00 | OK |
Version: 0.3.6
Check: Rd files
Result: NOTE
checkRd: (-1) PimaIndiansDiabetes_long.Rd:14: Escaped LaTeX specials: \^
checkRd: (-1) PimaIndiansDiabetes_wide.Rd:16: Escaped LaTeX specials: \^
Flavors: r-devel-linux-x86_64-debian-clang, r-devel-linux-x86_64-debian-gcc, r-devel-linux-x86_64-fedora-clang, r-devel-linux-x86_64-fedora-gcc, r-devel-windows-x86_64, r-patched-linux-x86_64, r-release-linux-x86_64, r-release-macos-arm64, r-release-macos-x86_64, r-release-windows-x86_64