CRAN Package Check Results for Package spm

Last updated on 2024-07-21 20:51:12 CEST.

Flavor Version Tinstall Tcheck Ttotal Status Flags
r-devel-linux-x86_64-debian-clang 1.2.2 6.40 49.66 56.06 NOTE
r-devel-linux-x86_64-debian-gcc 1.2.2 5.56 36.73 42.29 NOTE
r-devel-linux-x86_64-fedora-clang 1.2.2 70.88 NOTE
r-devel-linux-x86_64-fedora-gcc 1.2.2 79.22 NOTE
r-devel-windows-x86_64 1.2.2 8.00 64.00 72.00 NOTE
r-patched-linux-x86_64 1.2.2 9.04 45.73 54.77 NOTE
r-release-linux-x86_64 1.2.2 6.36 47.17 53.53 NOTE
r-release-macos-arm64 1.2.2 31.00 NOTE
r-release-macos-x86_64 1.2.2 49.00 NOTE
r-release-windows-x86_64 1.2.2 10.00 63.00 73.00 NOTE
r-oldrel-macos-arm64 1.2.2 32.00 OK
r-oldrel-macos-x86_64 1.2.2 48.00 OK
r-oldrel-windows-x86_64 1.2.2 10.00 72.00 82.00 OK

Check Details

Version: 1.2.2
Check: Rd files
Result: NOTE checkRd: (-1) gbmidwcv.Rd:118: Lost braces 118 | rfcv{randomForest} and gbm | ^ checkRd: (-1) gbmokgbmidwcv.Rd:108: Lost braces 108 | variable and anisotropy parameters. see notes vgm{gstat} for details. | ^ Flavors: r-devel-linux-x86_64-debian-clang, r-devel-linux-x86_64-debian-gcc, r-devel-linux-x86_64-fedora-clang, r-devel-linux-x86_64-fedora-gcc, r-devel-windows-x86_64, r-patched-linux-x86_64, r-release-linux-x86_64, r-release-macos-arm64, r-release-macos-x86_64, r-release-windows-x86_64

Version: 1.2.2
Check: dependencies in R code
Result: NOTE Namespace in Imports field not imported from: ‘biomod2’ All declared Imports should be used. Flavors: r-devel-linux-x86_64-fedora-clang, r-devel-linux-x86_64-fedora-gcc