CRAN Package Check Results for Package spocc

Last updated on 2024-02-27 18:49:30 CET.

Flavor Version Tinstall Tcheck Ttotal Status Flags
r-devel-linux-x86_64-debian-clang 1.2.2 11.92 89.87 101.79 NOTE
r-devel-linux-x86_64-debian-gcc 1.2.2 10.13 65.89 76.02 NOTE
r-devel-linux-x86_64-fedora-clang 1.2.2 123.66 NOTE
r-devel-linux-x86_64-fedora-gcc 1.2.2 119.38 NOTE
r-devel-windows-x86_64 1.2.2 10.00 88.00 98.00 NOTE
r-patched-linux-x86_64 1.2.2 15.35 85.50 100.85 OK
r-release-linux-x86_64 1.2.2 13.17 85.38 98.55 OK
r-release-macos-arm64 1.2.2 36.00 OK
r-release-macos-x86_64 1.2.2 56.00 OK
r-release-windows-x86_64 1.2.2 13.00 98.00 111.00 OK
r-oldrel-macos-arm64 1.2.2 28.00 OK
r-oldrel-windows-x86_64 1.2.2 15.00 97.00 112.00 OK

Check Details

Version: 1.2.2
Check: Rd \usage sections
Result: NOTE Documented arguments not in \usage in Rd file 'obis_search.Rd': ‘scientificname’ Documented arguments not in \usage in Rd file 'spocc_objects.Rd': ‘n’ Functions with \usage entries need to have the appropriate \alias entries, and all their arguments documented. The \usage entries must correspond to syntactically valid R code. See chapter ‘Writing R documentation files’ in the ‘Writing R Extensions’ manual. Flavors: r-devel-linux-x86_64-debian-clang, r-devel-linux-x86_64-debian-gcc, r-devel-linux-x86_64-fedora-clang, r-devel-linux-x86_64-fedora-gcc, r-devel-windows-x86_64