Last updated on 2023-11-30 18:49:46 CET.
Flavor | Version | Tinstall | Tcheck | Ttotal | Status | Flags |
---|---|---|---|---|---|---|
r-devel-linux-x86_64-debian-clang | 0.0.6 | 6.42 | 103.80 | 110.22 | NOTE | |
r-devel-linux-x86_64-debian-gcc | 0.0.6 | 6.11 | 77.79 | 83.90 | NOTE | |
r-devel-linux-x86_64-fedora-clang | 0.0.6 | 135.74 | NOTE | |||
r-devel-linux-x86_64-fedora-gcc | 0.0.6 | 149.92 | NOTE | |||
r-devel-windows-x86_64 | 0.0.6 | 7.00 | 115.00 | 122.00 | NOTE | |
r-patched-linux-x86_64 | 0.0.6 | 6.80 | 99.13 | 105.93 | NOTE | |
r-release-linux-x86_64 | 0.0.6 | 6.69 | 98.52 | 105.21 | NOTE | |
r-release-macos-arm64 | 0.0.6 | 57.00 | NOTE | |||
r-release-macos-x86_64 | 0.0.6 | 80.00 | NOTE | |||
r-release-windows-x86_64 | 0.0.6 | 9.00 | 131.00 | 140.00 | NOTE | |
r-oldrel-macos-arm64 | 0.0.6 | 50.00 | NOTE | |||
r-oldrel-macos-x86_64 | 0.0.6 | 59.00 | NOTE | |||
r-oldrel-windows-x86_64 | 0.0.6 | 9.00 | 127.00 | 136.00 | NOTE |
Version: 0.0.6
Check: LazyData
Result: NOTE
'LazyData' is specified without a 'data' directory
Flavors: r-devel-linux-x86_64-debian-clang, r-devel-linux-x86_64-debian-gcc, r-devel-linux-x86_64-fedora-clang, r-devel-linux-x86_64-fedora-gcc, r-devel-windows-x86_64, r-patched-linux-x86_64, r-release-linux-x86_64, r-release-macos-arm64, r-release-macos-x86_64, r-release-windows-x86_64, r-oldrel-macos-arm64, r-oldrel-macos-x86_64, r-oldrel-windows-x86_64
Version: 0.0.6
Check: package dependencies
Result: NOTE
Package which this enhances but not available for checking: ‘CVXR’
Flavor: r-release-macos-x86_64