Last updated on 2023-06-05 20:57:53 CEST.
Flavor | Version | Tinstall | Tcheck | Ttotal | Status | Flags |
---|---|---|---|---|---|---|
r-devel-linux-x86_64-debian-clang | 1.2.1 | 21.37 | 234.12 | 255.49 | OK | |
r-devel-linux-x86_64-debian-gcc | 1.2.1 | 14.27 | 178.00 | 192.27 | OK | |
r-devel-linux-x86_64-fedora-clang | 1.2.1 | 339.05 | NOTE | |||
r-devel-linux-x86_64-fedora-gcc | 1.2.1 | 314.97 | NOTE | |||
r-devel-windows-x86_64 | 1.2.1 | 18.00 | 188.00 | 206.00 | OK | |
r-patched-linux-x86_64 | 1.2.1 | 25.68 | 222.45 | 248.13 | OK | |
r-release-linux-x86_64 | 1.2.1 | 20.25 | 223.25 | 243.50 | OK | |
r-release-macos-arm64 | 1.2.1 | 92.00 | OK | |||
r-release-macos-x86_64 | 1.2.1 | 122.00 | OK | |||
r-release-windows-x86_64 | 1.2.1 | 26.00 | 237.00 | 263.00 | OK | |
r-oldrel-macos-arm64 | 1.2.1 | 58.00 | NOTE | |||
r-oldrel-macos-x86_64 | 1.2.1 | 12.00 | ERROR | |||
r-oldrel-windows-x86_64 | 1.2.1 | 25.00 | 248.00 | 273.00 | OK |
Version: 1.2.1
Check: package dependencies
Result: NOTE
Imports includes 23 non-default packages.
Importing from so many packages makes the package vulnerable to any of
them becoming unavailable. Move as many as possible to Suggests and
use conditionally.
Flavor: r-devel-linux-x86_64-fedora-clang
Version: 1.2.1
Check: dependencies in R code
Result: NOTE
Namespaces in Imports field not imported from:
‘gbm’ ‘ggfortify’ ‘tibble’ ‘tidyverse’
All declared Imports should be used.
Flavors: r-devel-linux-x86_64-fedora-clang, r-devel-linux-x86_64-fedora-gcc, r-oldrel-macos-arm64
Version: 1.2.1
Check: package dependencies
Result: ERROR
Package required but not available: ‘pvca’
See section ‘The DESCRIPTION file’ in the ‘Writing R Extensions’
manual.
Flavor: r-oldrel-macos-x86_64