Last updated on 2023-12-08 18:55:51 CET.
Flavor | Version | Tinstall | Tcheck | Ttotal | Status | Flags |
---|---|---|---|---|---|---|
r-devel-linux-x86_64-debian-clang | 0.2.6 | 8.25 | 71.67 | 79.92 | NOTE | |
r-devel-linux-x86_64-debian-gcc | 0.2.6 | 6.38 | 53.78 | 60.16 | NOTE | |
r-devel-linux-x86_64-fedora-clang | 0.2.6 | 98.74 | OK | |||
r-devel-linux-x86_64-fedora-gcc | 0.2.6 | 107.82 | OK | |||
r-devel-windows-x86_64 | 0.2.6 | 7.00 | 74.00 | 81.00 | OK | |
r-patched-linux-x86_64 | 0.2.6 | 5.41 | 68.26 | 73.67 | OK | |
r-release-linux-x86_64 | 0.2.6 | 4.76 | 66.86 | 71.62 | OK | |
r-release-macos-arm64 | 0.2.6 | 46.00 | OK | |||
r-release-macos-x86_64 | 0.2.6 | 82.00 | OK | |||
r-release-windows-x86_64 | 0.2.6 | 9.00 | 84.00 | 93.00 | OK | |
r-oldrel-macos-arm64 | 0.2.6 | 44.00 | OK | |||
r-oldrel-macos-x86_64 | 0.2.6 | 53.00 | OK | |||
r-oldrel-windows-x86_64 | 0.2.6 | 10.00 | 90.00 | 100.00 | OK |
Version: 0.2.6
Check: Rd files
Result: NOTE
checkRd: (-1) statcan_data.Rd:22: Lost braces; missing escapes or markup?
22 | \code{statcan_data()} function has 2 arguments to fulfill to get data: {tableNumber} & {lang}.
| ^
checkRd: (-1) statcan_data.Rd:22: Lost braces; missing escapes or markup?
22 | \code{statcan_data()} function has 2 arguments to fulfill to get data: {tableNumber} & {lang}.
| ^
checkRd: (-1) statcan_search.Rd:18: Lost braces; missing escapes or markup?
18 | The \code{statcan_search()} function has 2 arguments to fulfill to find a database: {keywords} and {lang}.
| ^
checkRd: (-1) statcan_search.Rd:18: Lost braces; missing escapes or markup?
18 | The \code{statcan_search()} function has 2 arguments to fulfill to find a database: {keywords} and {lang}.
| ^
Flavors: r-devel-linux-x86_64-debian-clang, r-devel-linux-x86_64-debian-gcc