Last updated on 2023-12-02 18:53:58 CET.
Flavor | Version | Tinstall | Tcheck | Ttotal | Status | Flags |
---|---|---|---|---|---|---|
r-devel-linux-x86_64-debian-clang | 1.0.5 | 12.48 | 222.10 | 234.58 | NOTE | |
r-devel-linux-x86_64-debian-gcc | 1.0.5 | 9.73 | 162.71 | 172.44 | NOTE | |
r-devel-linux-x86_64-fedora-clang | 1.0.5 | 290.93 | NOTE | |||
r-devel-linux-x86_64-fedora-gcc | 1.0.5 | 303.58 | NOTE | |||
r-devel-windows-x86_64 | 1.0.5 | 12.00 | 178.00 | 190.00 | NOTE | |
r-patched-linux-x86_64 | 1.0.5 | 15.93 | 209.52 | 225.45 | NOTE | |
r-release-linux-x86_64 | 1.0.5 | 9.06 | 205.20 | 214.26 | NOTE | |
r-release-macos-arm64 | 1.0.5 | 95.00 | NOTE | |||
r-release-macos-x86_64 | 1.0.5 | 151.00 | NOTE | |||
r-release-windows-x86_64 | 1.0.5 | 15.00 | 222.00 | 237.00 | NOTE | |
r-oldrel-macos-arm64 | 1.0.5 | 82.00 | NOTE | |||
r-oldrel-macos-x86_64 | 1.0.5 | 105.00 | NOTE | |||
r-oldrel-windows-x86_64 | 1.0.5 | 15.00 | 216.00 | 231.00 | NOTE |
Version: 1.0.5
Check: package dependencies
Result: NOTE
Package suggested but not available for checking: ‘asreml’
Flavors: r-devel-linux-x86_64-debian-clang, r-devel-linux-x86_64-debian-gcc, r-devel-linux-x86_64-fedora-clang, r-devel-linux-x86_64-fedora-gcc, r-devel-windows-x86_64, r-patched-linux-x86_64, r-release-linux-x86_64, r-release-macos-arm64, r-release-macos-x86_64, r-release-windows-x86_64, r-oldrel-macos-arm64, r-oldrel-macos-x86_64, r-oldrel-windows-x86_64
Version: 1.0.5
Check: Rd files
Result: NOTE
checkRd: (-1) gxeFw.Rd:47: Lost braces in \itemize; \value handles \item{}{} directly
checkRd: (-1) gxeFw.Rd:48: Lost braces in \itemize; \value handles \item{}{} directly
checkRd: (-1) gxeFw.Rd:49: Lost braces in \itemize; \value handles \item{}{} directly
checkRd: (-1) gxeFw.Rd:50: Lost braces in \itemize; \value handles \item{}{} directly
checkRd: (-1) gxeFw.Rd:51-52: Lost braces in \itemize; \value handles \item{}{} directly
checkRd: (-1) gxeFw.Rd:53-54: Lost braces in \itemize; \value handles \item{}{} directly
checkRd: (-1) gxeFw.Rd:55: Lost braces in \itemize; \value handles \item{}{} directly
checkRd: (-1) gxeFw.Rd:62: Lost braces in \itemize; \value handles \item{}{} directly
checkRd: (-1) gxeFw.Rd:63: Lost braces in \itemize; \value handles \item{}{} directly
checkRd: (-1) gxeFw.Rd:64-65: Lost braces in \itemize; \value handles \item{}{} directly
checkRd: (-1) gxeFw.Rd:66: Lost braces in \itemize; \value handles \item{}{} directly
checkRd: (-1) gxeFw.Rd:67: Lost braces in \itemize; \value handles \item{}{} directly
Flavors: r-devel-linux-x86_64-debian-clang, r-devel-linux-x86_64-debian-gcc