CRAN Package Check Results for Package statip

Last updated on 2024-02-21 18:51:18 CET.

Flavor Version Tinstall Tcheck Ttotal Status Flags
r-devel-linux-x86_64-debian-clang 0.2.3 NOTE
r-devel-linux-x86_64-debian-gcc 0.2.3 3.25 25.19 28.44 NOTE
r-devel-linux-x86_64-fedora-clang 0.2.3 45.09 NOTE
r-devel-linux-x86_64-fedora-gcc 0.2.3 43.38 NOTE
r-devel-windows-x86_64 0.2.3 6.00 49.00 55.00 NOTE
r-patched-linux-x86_64 0.2.3 4.29 29.67 33.96 NOTE
r-release-linux-x86_64 0.2.3 3.86 30.10 33.96 NOTE
r-release-macos-arm64 0.2.3 19.00 NOTE
r-release-macos-x86_64 0.2.3 24.00 NOTE
r-release-windows-x86_64 0.2.3 6.00 51.00 57.00 NOTE
r-oldrel-macos-arm64 0.2.3 18.00 NOTE
r-oldrel-windows-x86_64 0.2.3 7.00 51.00 58.00 NOTE

Check Details

Version: 0.2.3
Check: LazyData
Result: NOTE 'LazyData' is specified without a 'data' directory Flavors: r-devel-linux-x86_64-debian-clang, r-devel-linux-x86_64-debian-gcc, r-devel-linux-x86_64-fedora-clang, r-devel-linux-x86_64-fedora-gcc, r-devel-windows-x86_64, r-patched-linux-x86_64, r-release-linux-x86_64, r-release-macos-arm64, r-release-macos-x86_64, r-release-windows-x86_64, r-oldrel-macos-arm64, r-oldrel-windows-x86_64

Version: 0.2.3
Check: Rd cross-references
Result: NOTE Undeclared package ‘distrEx’ in Rd xrefs Flavor: r-devel-linux-x86_64-fedora-clang