CRAN Package Check Results for Package steadyICA

Last updated on 2024-07-13 19:54:15 CEST.

Flavor Version Tinstall Tcheck Ttotal Status Flags
r-devel-linux-x86_64-debian-clang 1.0 14.75 51.57 66.32 NOTE
r-devel-linux-x86_64-debian-gcc 1.0 11.62 38.00 49.62 NOTE
r-devel-linux-x86_64-fedora-clang 1.0 88.36 NOTE
r-devel-linux-x86_64-fedora-gcc 1.0 82.61 NOTE
r-devel-windows-x86_64 1.0 15.00 73.00 88.00 NOTE
r-patched-linux-x86_64 1.0 14.49 48.81 63.30 NOTE
r-release-linux-x86_64 1.0 12.85 49.35 62.20 NOTE
r-release-macos-arm64 1.0 25.00 NOTE
r-release-macos-x86_64 1.0 41.00 NOTE
r-release-windows-x86_64 1.0 15.00 77.00 92.00 NOTE
r-oldrel-macos-arm64 1.0 28.00 OK
r-oldrel-macos-x86_64 1.0 44.00 OK
r-oldrel-windows-x86_64 1.0 13.00 92.00 105.00 OK

Additional issues

noRemap

Check Details

Version: 1.0
Check: Rd files
Result: NOTE checkRd: (-1) gmultidcov.Rd:23: Lost braces; missing escapes or markup? 23 | If symmetric==TRUE, calculates: sum_{i=1}^{C} dcovustat(S[,group==i],S[,group!=i]) | ^ checkRd: (-1) gmultidcov.Rd:23: Lost braces; missing escapes or markup? 23 | If symmetric==TRUE, calculates: sum_{i=1}^{C} dcovustat(S[,group==i],S[,group!=i]) | ^ checkRd: (-1) gmultidcov.Rd:24: Lost braces; missing escapes or markup? 24 | If symmetric==FALSE, calculates: sum_{i=1}^{C-1} dcovustat(S[,group==i],S[,group>i]) | ^ checkRd: (-1) gmultidcov.Rd:24: Lost braces; missing escapes or markup? 24 | If symmetric==FALSE, calculates: sum_{i=1}^{C-1} dcovustat(S[,group==i],S[,group>i]) | ^ checkRd: (-1) multidcov.Rd:20: Lost braces; missing escapes or markup? 20 | If symmetric==TRUE, calculates: sum_{i=1}^{d} dcovustat(S[,i],S[,-i]) | ^ checkRd: (-1) multidcov.Rd:20: Lost braces; missing escapes or markup? 20 | If symmetric==TRUE, calculates: sum_{i=1}^{d} dcovustat(S[,i],S[,-i]) | ^ checkRd: (-1) multidcov.Rd:21: Lost braces; missing escapes or markup? 21 | If symmetric==FALSE, calculates: sum_{i=1}^{d-1} dcovustat(S[,i],S[,(i+1):d]) | ^ checkRd: (-1) multidcov.Rd:21: Lost braces; missing escapes or markup? 21 | If symmetric==FALSE, calculates: sum_{i=1}^{d-1} dcovustat(S[,i],S[,(i+1):d]) | ^ checkRd: (-1) permTest.Rd:26: Lost braces; missing escapes or markup? 26 | If symmetric==TRUE, calculates: sum_{i=1}^{C} dcovustat(S[,group==i],S[,group!=i]) | ^ checkRd: (-1) permTest.Rd:26: Lost braces; missing escapes or markup? 26 | If symmetric==TRUE, calculates: sum_{i=1}^{C} dcovustat(S[,group==i],S[,group!=i]) | ^ checkRd: (-1) permTest.Rd:27: Lost braces; missing escapes or markup? 27 | If symmetric==FALSE, calculates: sum_{i=1}^{C-1} dcovustat(S[,group==i],S[,group>i]) | ^ checkRd: (-1) permTest.Rd:27: Lost braces; missing escapes or markup? 27 | If symmetric==FALSE, calculates: sum_{i=1}^{C-1} dcovustat(S[,group==i],S[,group>i]) | ^ Flavors: r-devel-linux-x86_64-debian-clang, r-devel-linux-x86_64-debian-gcc, r-devel-linux-x86_64-fedora-clang, r-devel-linux-x86_64-fedora-gcc, r-devel-windows-x86_64, r-patched-linux-x86_64, r-release-linux-x86_64, r-release-macos-arm64, r-release-macos-x86_64, r-release-windows-x86_64

Version: 1.0
Check: compiled code
Result: NOTE File ‘steadyICA/libs/steadyICA.so’: Found no calls to: ‘R_registerRoutines’, ‘R_useDynamicSymbols’ It is good practice to register native routines and to disable symbol search. See ‘Writing portable packages’ in the ‘Writing R Extensions’ manual. Flavors: r-devel-linux-x86_64-fedora-clang, r-devel-linux-x86_64-fedora-gcc