Last updated on 2023-12-04 18:52:32 CET.
Flavor | Version | Tinstall | Tcheck | Ttotal | Status | Flags |
---|---|---|---|---|---|---|
r-devel-linux-x86_64-debian-clang | 0.1.0 | 5.25 | 55.10 | 60.35 | OK | |
r-devel-linux-x86_64-debian-gcc | 0.1.0 | 4.35 | 41.69 | 46.04 | OK | |
r-devel-linux-x86_64-fedora-clang | 0.1.0 | 75.24 | NOTE | |||
r-devel-linux-x86_64-fedora-gcc | 0.1.0 | 71.26 | NOTE | |||
r-devel-windows-x86_64 | 0.1.0 | 7.00 | 62.00 | 69.00 | OK | |
r-patched-linux-x86_64 | 0.1.0 | 5.78 | 52.83 | 58.61 | OK | |
r-release-linux-x86_64 | 0.1.0 | 4.59 | 52.70 | 57.29 | OK | |
r-release-macos-arm64 | 0.1.0 | 37.00 | OK | |||
r-release-macos-x86_64 | 0.1.0 | 42.00 | OK | |||
r-release-windows-x86_64 | 0.1.0 | 8.00 | 71.00 | 79.00 | OK | |
r-oldrel-macos-arm64 | 0.1.0 | 34.00 | OK | |||
r-oldrel-macos-x86_64 | 0.1.0 | 46.00 | OK | |||
r-oldrel-windows-x86_64 | 0.1.0 | 9.00 | 70.00 | 79.00 | OK |
Version: 0.1.0
Check: data for non-ASCII characters
Result: NOTE
Note: found 240 marked UTF-8 strings
Flavors: r-devel-linux-x86_64-fedora-clang, r-devel-linux-x86_64-fedora-gcc