Last updated on 2023-12-02 18:53:58 CET.
Flavor | Version | Tinstall | Tcheck | Ttotal | Status | Flags |
---|---|---|---|---|---|---|
r-devel-linux-x86_64-debian-clang | 1.2.5 | 8.52 | 67.28 | 75.80 | NOTE | |
r-devel-linux-x86_64-debian-gcc | 1.2.5 | 7.43 | 51.14 | 58.57 | NOTE | |
r-devel-linux-x86_64-fedora-clang | 1.2.5 | 101.83 | NOTE | |||
r-devel-linux-x86_64-fedora-gcc | 1.2.5 | 103.60 | NOTE | |||
r-devel-windows-x86_64 | 1.2.5 | 11.00 | 76.00 | 87.00 | NOTE | |
r-patched-linux-x86_64 | 1.2.5 | 9.40 | 65.54 | 74.94 | NOTE | |
r-release-linux-x86_64 | 1.2.5 | 7.97 | 64.44 | 72.41 | NOTE | |
r-release-macos-arm64 | 1.2.5 | 37.00 | NOTE | |||
r-release-macos-x86_64 | 1.2.5 | 61.00 | NOTE | |||
r-release-windows-x86_64 | 1.2.5 | 11.00 | 90.00 | 101.00 | NOTE | |
r-oldrel-macos-arm64 | 1.2.5 | 32.00 | NOTE | |||
r-oldrel-macos-x86_64 | 1.2.5 | 42.00 | NOTE | |||
r-oldrel-windows-x86_64 | 1.2.5 | 15.00 | 93.00 | 108.00 | NOTE |
Version: 1.2.5
Check: LazyData
Result: NOTE
'LazyData' is specified without a 'data' directory
Flavors: r-devel-linux-x86_64-debian-clang, r-devel-linux-x86_64-debian-gcc, r-devel-linux-x86_64-fedora-clang, r-devel-linux-x86_64-fedora-gcc, r-devel-windows-x86_64, r-patched-linux-x86_64, r-release-linux-x86_64, r-release-macos-arm64, r-release-macos-x86_64, r-release-windows-x86_64, r-oldrel-macos-arm64, r-oldrel-macos-x86_64, r-oldrel-windows-x86_64