Last updated on 2023-12-09 18:54:33 CET.
Flavor | Version | Tinstall | Tcheck | Ttotal | Status | Flags |
---|---|---|---|---|---|---|
r-devel-linux-x86_64-debian-clang | 0.2.0 | 18.81 | 262.84 | 281.65 | OK | |
r-devel-linux-x86_64-debian-gcc | 0.2.0 | 17.69 | 195.22 | 212.91 | OK | |
r-devel-linux-x86_64-fedora-clang | 0.2.0 | 344.50 | NOTE | |||
r-devel-linux-x86_64-fedora-gcc | 0.2.0 | 345.81 | NOTE | |||
r-devel-windows-x86_64 | 0.2.0 | 19.00 | 199.00 | 218.00 | OK | |
r-patched-linux-x86_64 | 0.2.0 | 15.78 | 252.90 | 268.68 | OK | |
r-release-linux-x86_64 | 0.2.0 | 13.00 | 248.08 | 261.08 | OK | |
r-release-macos-arm64 | 0.2.0 | 112.00 | OK | |||
r-release-macos-x86_64 | 0.2.0 | 213.00 | OK | |||
r-release-windows-x86_64 | 0.2.0 | 23.00 | 252.00 | 275.00 | OK | |
r-oldrel-macos-arm64 | 0.2.0 | 85.00 | NOTE | |||
r-oldrel-macos-x86_64 | 0.2.0 | 167.00 | NOTE | |||
r-oldrel-windows-x86_64 | 0.2.0 | 25.00 | 241.00 | 266.00 | OK |
Version: 0.2.0
Check: data for non-ASCII characters
Result: NOTE
Note: found 1 marked UTF-8 string
Flavors: r-devel-linux-x86_64-fedora-clang, r-devel-linux-x86_64-fedora-gcc, r-oldrel-macos-arm64, r-oldrel-macos-x86_64