Last updated on 2023-12-04 18:52:32 CET.
Flavor | Version | Tinstall | Tcheck | Ttotal | Status | Flags |
---|---|---|---|---|---|---|
r-devel-linux-x86_64-debian-clang | 0.1.1 | 5.52 | 48.33 | 53.85 | OK | |
r-devel-linux-x86_64-debian-gcc | 0.1.1 | 4.01 | 36.86 | 40.87 | OK | |
r-devel-linux-x86_64-fedora-clang | 0.1.1 | 70.49 | NOTE | |||
r-devel-linux-x86_64-fedora-gcc | 0.1.1 | 63.55 | NOTE | |||
r-devel-windows-x86_64 | 0.1.1 | 7.00 | 57.00 | 64.00 | OK | |
r-patched-linux-x86_64 | 0.1.1 | 5.30 | 45.86 | 51.16 | OK | |
r-release-linux-x86_64 | 0.1.1 | 4.94 | 46.27 | 51.21 | OK | |
r-release-macos-arm64 | 0.1.1 | 25.00 | OK | |||
r-release-macos-x86_64 | 0.1.1 | 40.00 | NOTE | |||
r-release-windows-x86_64 | 0.1.1 | 8.00 | 65.00 | 73.00 | OK | |
r-oldrel-macos-arm64 | 0.1.1 | 26.00 | NOTE | |||
r-oldrel-macos-x86_64 | 0.1.1 | 45.00 | NOTE | |||
r-oldrel-windows-x86_64 | 0.1.1 | 8.00 | 66.00 | 74.00 | OK |
Version: 0.1.1
Check: dependencies in R code
Result: NOTE
Namespace in Imports field not imported from: ‘ks’
All declared Imports should be used.
Flavors: r-devel-linux-x86_64-fedora-clang, r-devel-linux-x86_64-fedora-gcc, r-oldrel-macos-arm64, r-oldrel-macos-x86_64
Version: 0.1.1
Check: Rd cross-references
Result: NOTE
Undeclared package ‘HDoutliers’ in Rd xrefs
Flavor: r-devel-linux-x86_64-fedora-clang
Version: 0.1.1
Check: Rd cross-references
Result: NOTE
Package unavailable to check Rd xrefs: ‘HDoutliers’
Flavor: r-release-macos-x86_64