Last updated on 2023-12-10 18:52:26 CET.
Flavor | Version | Tinstall | Tcheck | Ttotal | Status | Flags |
---|---|---|---|---|---|---|
r-devel-linux-x86_64-debian-clang | 2.0-1 | 175.56 | 212.42 | 387.98 | OK | |
r-devel-linux-x86_64-debian-gcc | 2.0-1 | 112.72 | 158.58 | 271.30 | OK | |
r-devel-linux-x86_64-fedora-clang | 2.0-1 | 516.48 | OK | |||
r-devel-linux-x86_64-fedora-gcc | 2.0-1 | 521.55 | OK | |||
r-devel-windows-x86_64 | 2.0-1 | 125.00 | 251.00 | 376.00 | OK | |
r-patched-linux-x86_64 | 2.0-1 | 132.67 | 202.85 | 335.52 | OK | |
r-release-linux-x86_64 | 2.0-1 | 133.82 | 207.67 | 341.49 | OK | |
r-release-macos-arm64 | 2.0-1 | 142.00 | NOTE | |||
r-release-macos-x86_64 | 2.0-1 | 245.00 | NOTE | |||
r-release-windows-x86_64 | 2.0-1 | 154.00 | 299.00 | 453.00 | OK | |
r-oldrel-macos-arm64 | 2.0-1 | 114.00 | NOTE | |||
r-oldrel-macos-x86_64 | 2.0-1 | 160.00 | NOTE | |||
r-oldrel-windows-x86_64 | 2.0-1 | 160.00 | 266.00 | 426.00 | OK |
Version: 2.0-1
Check: installed package size
Result: NOTE
installed size is 13.9Mb
sub-directories of 1Mb or more:
doc 1.7Mb
libs 10.9Mb
Flavors: r-release-macos-arm64, r-release-macos-x86_64, r-oldrel-macos-arm64, r-oldrel-macos-x86_64