Last updated on 2023-12-07 18:49:44 CET.
Flavor | Version | Tinstall | Tcheck | Ttotal | Status | Flags |
---|---|---|---|---|---|---|
r-devel-linux-x86_64-debian-clang | 0.10.2 | 6.12 | 97.29 | 103.41 | OK | |
r-devel-linux-x86_64-debian-gcc | 0.10.2 | 6.46 | 71.94 | 78.40 | OK | |
r-devel-linux-x86_64-fedora-clang | 0.10.2 | 136.21 | NOTE | |||
r-devel-linux-x86_64-fedora-gcc | 0.10.2 | 124.27 | NOTE | |||
r-devel-windows-x86_64 | 0.10.2 | 8.00 | 82.00 | 90.00 | OK | |
r-patched-linux-x86_64 | 0.10.2 | 8.36 | 94.16 | 102.52 | OK | |
r-release-linux-x86_64 | 0.10.2 | 6.47 | 91.87 | 98.34 | OK | |
r-release-macos-arm64 | 0.10.2 | 38.00 | OK | |||
r-release-macos-x86_64 | 0.10.2 | 88.00 | OK | |||
r-release-windows-x86_64 | 0.10.2 | 9.00 | 98.00 | 107.00 | OK | |
r-oldrel-macos-arm64 | 0.10.2 | 39.00 | OK | |||
r-oldrel-macos-x86_64 | 0.10.2 | 50.00 | OK | |||
r-oldrel-windows-x86_64 | 0.10.2 | 12.00 | 94.00 | 106.00 | OK |
Version: 0.10.2
Check: data for non-ASCII characters
Result: NOTE
Note: found 83 marked UTF-8 strings
Flavors: r-devel-linux-x86_64-fedora-clang, r-devel-linux-x86_64-fedora-gcc