CRAN Package Check Results for Package studyStrap

Last updated on 2023-11-28 18:49:35 CET.

Flavor Version Tinstall Tcheck Ttotal Status Flags
r-devel-linux-x86_64-debian-clang 1.0.0 20.57 189.14 209.71 NOTE
r-devel-linux-x86_64-debian-gcc 1.0.0 15.46 143.73 159.19 NOTE
r-devel-linux-x86_64-fedora-clang 1.0.0 262.84 NOTE
r-devel-linux-x86_64-fedora-gcc 1.0.0 264.42 NOTE
r-devel-windows-x86_64 1.0.0 19.00 152.00 171.00 NOTE
r-patched-linux-x86_64 1.0.0 18.59 183.28 201.87 NOTE
r-release-linux-x86_64 1.0.0 15.75 180.06 195.81 NOTE
r-release-macos-arm64 1.0.0 85.00 NOTE
r-release-macos-x86_64 1.0.0 140.00 NOTE
r-release-windows-x86_64 1.0.0 25.00 188.00 213.00 NOTE
r-oldrel-macos-arm64 1.0.0 86.00 NOTE
r-oldrel-macos-x86_64 1.0.0 148.00 NOTE
r-oldrel-windows-x86_64 1.0.0 26.00 185.00 211.00 NOTE

Check Details

Version: 1.0.0
Check: Rd files
Result: NOTE checkRd: (-1) cmss.Rd:21: Lost braces 21 | \item{sim.fn}{Optional function to be used as similarity measure for accept/reject step. Default function is: |cor( bar{x}^{(r)}|,~ bar{x}_{target} ) |} | ^ checkRd: (-1) cmss.Rd:21: Lost braces; missing escapes or markup? 21 | \item{sim.fn}{Optional function to be used as similarity measure for accept/reject step. Default function is: |cor( bar{x}^{(r)}|,~ bar{x}_{target} ) |} | ^ checkRd: (-1) cmss.Rd:21: Lost braces 21 | \item{sim.fn}{Optional function to be used as similarity measure for accept/reject step. Default function is: |cor( bar{x}^{(r)}|,~ bar{x}_{target} ) |} | ^ checkRd: (-1) cmss.Rd:21: Lost braces; missing escapes or markup? 21 | \item{sim.fn}{Optional function to be used as similarity measure for accept/reject step. Default function is: |cor( bar{x}^{(r)}|,~ bar{x}_{target} ) |} | ^ Flavors: r-devel-linux-x86_64-debian-clang, r-devel-linux-x86_64-debian-gcc

Version: 1.0.0
Check: LazyData
Result: NOTE 'LazyData' is specified without a 'data' directory Flavors: r-devel-linux-x86_64-debian-clang, r-devel-linux-x86_64-debian-gcc, r-devel-linux-x86_64-fedora-clang, r-devel-linux-x86_64-fedora-gcc, r-devel-windows-x86_64, r-patched-linux-x86_64, r-release-linux-x86_64, r-release-macos-arm64, r-release-macos-x86_64, r-release-windows-x86_64, r-oldrel-macos-arm64, r-oldrel-macos-x86_64, r-oldrel-windows-x86_64

Version: 1.0.0
Check: dependencies in R code
Result: NOTE Namespaces in Imports field not imported from: ‘pls’ ‘tibble’ All declared Imports should be used. Flavors: r-devel-linux-x86_64-fedora-clang, r-devel-linux-x86_64-fedora-gcc, r-oldrel-macos-arm64, r-oldrel-macos-x86_64