CRAN Package Check Results for Package studyStrap

Last updated on 2024-06-13 20:49:29 CEST.

Flavor Version Tinstall Tcheck Ttotal Status Flags
r-devel-linux-x86_64-debian-clang 1.0.0 24.60 188.93 213.53 NOTE
r-devel-linux-x86_64-debian-gcc 1.0.0 0.37 1.75 2.12 ERROR
r-devel-linux-x86_64-fedora-clang 1.0.0 266.07 NOTE
r-devel-linux-x86_64-fedora-gcc 1.0.0 260.12 NOTE
r-devel-windows-x86_64 1.0.0 18.00 150.00 168.00 NOTE
r-patched-linux-x86_64 1.0.0 18.93 186.72 205.65 NOTE
r-release-linux-x86_64 1.0.0 20.06 184.73 204.79 NOTE
r-release-macos-arm64 1.0.0 67.00 NOTE
r-release-macos-x86_64 1.0.0 112.00 NOTE
r-release-windows-x86_64 1.0.0 18.00 152.00 170.00 NOTE
r-oldrel-macos-arm64 1.0.0 85.00 NOTE
r-oldrel-macos-x86_64 1.0.0 140.00 NOTE
r-oldrel-windows-x86_64 1.0.0 24.00 182.00 206.00 NOTE

Check Details

Version: 1.0.0
Check: Rd files
Result: NOTE checkRd: (-1) cmss.Rd:21: Lost braces 21 | \item{sim.fn}{Optional function to be used as similarity measure for accept/reject step. Default function is: |cor( bar{x}^{(r)}|,~ bar{x}_{target} ) |} | ^ checkRd: (-1) cmss.Rd:21: Lost braces; missing escapes or markup? 21 | \item{sim.fn}{Optional function to be used as similarity measure for accept/reject step. Default function is: |cor( bar{x}^{(r)}|,~ bar{x}_{target} ) |} | ^ checkRd: (-1) cmss.Rd:21: Lost braces 21 | \item{sim.fn}{Optional function to be used as similarity measure for accept/reject step. Default function is: |cor( bar{x}^{(r)}|,~ bar{x}_{target} ) |} | ^ checkRd: (-1) cmss.Rd:21: Lost braces; missing escapes or markup? 21 | \item{sim.fn}{Optional function to be used as similarity measure for accept/reject step. Default function is: |cor( bar{x}^{(r)}|,~ bar{x}_{target} ) |} | ^ Flavors: r-devel-linux-x86_64-debian-clang, r-devel-linux-x86_64-fedora-clang, r-devel-linux-x86_64-fedora-gcc, r-devel-windows-x86_64, r-patched-linux-x86_64, r-release-linux-x86_64, r-release-macos-arm64, r-release-macos-x86_64, r-release-windows-x86_64

Version: 1.0.0
Check: LazyData
Result: NOTE 'LazyData' is specified without a 'data' directory Flavors: r-devel-linux-x86_64-debian-clang, r-devel-linux-x86_64-fedora-clang, r-devel-linux-x86_64-fedora-gcc, r-devel-windows-x86_64, r-patched-linux-x86_64, r-release-linux-x86_64, r-release-macos-arm64, r-release-macos-x86_64, r-release-windows-x86_64, r-oldrel-macos-arm64, r-oldrel-macos-x86_64, r-oldrel-windows-x86_64

Version: 1.0.0
Check: package dependencies
Result: ERROR Packages required but not available: 'caret', 'tidyverse', 'CCA', 'MatrixCorrelation', 'dplyr', 'tibble' See section ‘The DESCRIPTION file’ in the ‘Writing R Extensions’ manual. Flavor: r-devel-linux-x86_64-debian-gcc

Version: 1.0.0
Check: dependencies in R code
Result: NOTE Namespaces in Imports field not imported from: ‘pls’ ‘tibble’ All declared Imports should be used. Flavors: r-devel-linux-x86_64-fedora-clang, r-devel-linux-x86_64-fedora-gcc