Last updated on 2023-12-10 18:52:26 CET.
Flavor | Version | Tinstall | Tcheck | Ttotal | Status | Flags |
---|---|---|---|---|---|---|
r-devel-linux-x86_64-debian-clang | 1.0.1 | 20.19 | 132.47 | 152.66 | OK | |
r-devel-linux-x86_64-debian-gcc | 1.0.1 | 14.87 | 96.56 | 111.43 | OK | |
r-devel-linux-x86_64-fedora-clang | 1.0.1 | 189.76 | NOTE | |||
r-devel-linux-x86_64-fedora-gcc | 1.0.1 | 192.50 | NOTE | |||
r-devel-windows-x86_64 | 1.0.1 | 15.00 | 108.00 | 123.00 | OK | |
r-patched-linux-x86_64 | 1.0.1 | 19.00 | 126.03 | 145.03 | OK | |
r-release-linux-x86_64 | 1.0.1 | 16.64 | 123.46 | 140.10 | OK | |
r-release-macos-arm64 | 1.0.1 | 57.00 | OK | |||
r-release-macos-x86_64 | 1.0.1 | 107.00 | OK | |||
r-release-windows-x86_64 | 1.0.1 | 22.00 | 129.00 | 151.00 | OK | |
r-oldrel-macos-arm64 | 1.0.1 | 72.00 | NOTE | |||
r-oldrel-macos-x86_64 | 1.0.1 | 104.00 | NOTE | |||
r-oldrel-windows-x86_64 | 1.0.1 | 22.00 | 126.00 | 148.00 | OK |
Version: 1.0.1
Check: data for non-ASCII characters
Result: NOTE
Note: found 78 marked UTF-8 strings
Flavors: r-devel-linux-x86_64-fedora-clang, r-devel-linux-x86_64-fedora-gcc, r-oldrel-macos-arm64, r-oldrel-macos-x86_64