Last updated on 2023-12-10 18:52:26 CET.
Flavor | Version | Tinstall | Tcheck | Ttotal | Status | Flags |
---|---|---|---|---|---|---|
r-devel-linux-x86_64-debian-clang | 0.2.0 | 5.67 | 54.53 | 60.20 | NOTE | |
r-devel-linux-x86_64-debian-gcc | 0.2.0 | 4.87 | 40.67 | 45.54 | NOTE | |
r-devel-linux-x86_64-fedora-clang | 0.2.0 | 73.40 | NOTE | |||
r-devel-linux-x86_64-fedora-gcc | 0.2.0 | 69.65 | OK | |||
r-devel-windows-x86_64 | 0.2.0 | 7.00 | 62.00 | 69.00 | OK | |
r-patched-linux-x86_64 | 0.2.0 | 7.00 | 51.81 | 58.81 | OK | |
r-release-linux-x86_64 | 0.2.0 | 5.88 | 52.12 | 58.00 | OK | |
r-release-macos-arm64 | 0.2.0 | 25.00 | OK | |||
r-release-macos-x86_64 | 0.2.0 | 38.00 | OK | |||
r-release-windows-x86_64 | 0.2.0 | 9.00 | 68.00 | 77.00 | OK | |
r-oldrel-macos-arm64 | 0.2.0 | 26.00 | OK | |||
r-oldrel-macos-x86_64 | 0.2.0 | 48.00 | OK | |||
r-oldrel-windows-x86_64 | 0.2.0 | 9.00 | 71.00 | 80.00 | OK |
Version: 0.2.0
Check: Rd files
Result: NOTE
checkRd: (-1) getFittedProbs.Rd:6-8: Lost braces
6 | getFittedValues <- function(object) {
| ^
checkRd: (-1) getFittedProbs.Rd:14-16: Lost braces
14 | getFittedValues <- function(object) {
| ^
Flavors: r-devel-linux-x86_64-debian-clang, r-devel-linux-x86_64-debian-gcc
Version: 0.2.0
Check: Rd cross-references
Result: NOTE
Undeclared package ‘truncdist’ in Rd xrefs
Flavor: r-devel-linux-x86_64-fedora-clang