Last updated on 2023-12-04 18:52:32 CET.
Flavor | Version | Tinstall | Tcheck | Ttotal | Status | Flags |
---|---|---|---|---|---|---|
r-devel-linux-x86_64-debian-clang | 0.5.6 | 14.07 | 134.79 | 148.86 | NOTE | |
r-devel-linux-x86_64-debian-gcc | 0.5.6 | 9.59 | 98.70 | 108.29 | NOTE | |
r-devel-linux-x86_64-fedora-clang | 0.5.6 | 185.69 | OK | |||
r-devel-linux-x86_64-fedora-gcc | 0.5.6 | 182.96 | OK | |||
r-devel-windows-x86_64 | 0.5.6 | 13.00 | 131.00 | 144.00 | OK | |
r-patched-linux-x86_64 | 0.5.6 | 13.12 | 126.84 | 139.96 | OK | |
r-release-linux-x86_64 | 0.5.6 | 11.47 | 127.70 | 139.17 | OK | |
r-release-macos-arm64 | 0.5.6 | 58.00 | OK | |||
r-release-macos-x86_64 | 0.5.6 | 96.00 | OK | |||
r-release-windows-x86_64 | 0.5.6 | 16.00 | 143.00 | 159.00 | OK | |
r-oldrel-macos-arm64 | 0.5.6 | 47.00 | OK | |||
r-oldrel-macos-x86_64 | 0.5.6 | 97.00 | OK | |||
r-oldrel-windows-x86_64 | 0.5.6 | 16.00 | 145.00 | 161.00 | OK |
Version: 0.5.6
Check: Rd files
Result: NOTE
checkRd: (-1) sf.Rd:66: Lost braces; missing escapes or markup?
66 | A {data.table} which is stored as an attribute of
| ^
Flavors: r-devel-linux-x86_64-debian-clang, r-devel-linux-x86_64-debian-gcc