Last updated on 2023-11-30 18:49:47 CET.
Flavor | Version | Tinstall | Tcheck | Ttotal | Status | Flags |
---|---|---|---|---|---|---|
r-devel-linux-x86_64-debian-clang | 1.22.0 | 75.20 | 557.26 | 632.46 | WARN | |
r-devel-linux-x86_64-debian-gcc | 1.22.1 | 53.83 | 410.14 | 463.97 | NOTE | |
r-devel-linux-x86_64-fedora-clang | 1.22.1 | 810.80 | NOTE | |||
r-devel-linux-x86_64-fedora-gcc | 1.22.1 | 795.83 | OK | |||
r-devel-windows-x86_64 | 1.22.1 | 58.00 | 263.00 | 321.00 | NOTE | --no-vignettes |
r-patched-linux-x86_64 | 1.22.1 | 81.26 | 537.21 | 618.47 | NOTE | |
r-release-linux-x86_64 | 1.22.0 | 60.73 | 536.96 | 597.69 | NOTE | |
r-release-macos-arm64 | 1.22.1 | 233.00 | NOTE | |||
r-release-macos-x86_64 | 1.22.0 | 603.00 | NOTE | |||
r-release-windows-x86_64 | 1.22.1 | 79.00 | 298.00 | 377.00 | NOTE | --no-vignettes |
r-oldrel-macos-arm64 | 1.22.1 | 218.00 | NOTE | |||
r-oldrel-macos-x86_64 | 1.21.1 | 282.00 | NOTE | |||
r-oldrel-windows-x86_64 | 1.22.1 | 56.00 | 287.00 | 343.00 | NOTE | --no-vignettes |
Version: 1.22.0
Check: package dependencies
Result: NOTE
Package suggested but not available for checking: ‘INLA’
Flavors: r-devel-linux-x86_64-debian-clang, r-release-linux-x86_64, r-release-macos-x86_64
Version: 1.22.0
Check: whether package can be installed
Result: WARN
Found the following significant warnings:
twins.cc:1897:43: warning: format specifies type 'double' but the argument has type 'int' [-Wformat]
twins.cc:1902:47: warning: format specifies type 'double' but the argument has type 'int' [-Wformat]
twins.cc:2524:23: warning: format specifies type 'int' but the argument has type 'long' [-Wformat]
See ‘/home/hornik/tmp/R.check/r-devel-clang/Work/PKGS/surveillance.Rcheck/00install.out’ for details.
* used C compiler: ‘Debian clang version 17.0.5 (1)’
* used C++ compiler: ‘Debian clang version 17.0.5 (1)’
Flavor: r-devel-linux-x86_64-debian-clang
Version: 1.22.1
Check: package dependencies
Result: NOTE
Package suggested but not available for checking: ‘INLA’
Flavors: r-devel-linux-x86_64-debian-gcc, r-patched-linux-x86_64, r-release-macos-arm64, r-oldrel-macos-arm64
Version: 1.22.1
Check: installed package size
Result: NOTE
installed size is 6.8Mb
sub-directories of 1Mb or more:
R 1.7Mb
doc 2.2Mb
help 1.0Mb
Flavors: r-devel-linux-x86_64-fedora-clang, r-release-macos-arm64, r-oldrel-macos-arm64
Version: 1.22.1
Flags: --no-vignettes
Check: package dependencies
Result: NOTE
Package suggested but not available for checking: 'INLA'
Flavors: r-devel-windows-x86_64, r-release-windows-x86_64, r-oldrel-windows-x86_64
Version: 1.22.1
Flags: --no-vignettes
Check: installed package size
Result: NOTE
installed size is 7.5Mb
sub-directories of 1Mb or more:
R 1.7Mb
doc 2.2Mb
libs 1.1Mb
Flavors: r-devel-windows-x86_64, r-release-windows-x86_64, r-oldrel-windows-x86_64
Version: 1.22.0
Check: installed package size
Result: NOTE
installed size is 8.5Mb
sub-directories of 1Mb or more:
R 2.1Mb
doc 2.2Mb
help 1.0Mb
libs 1.7Mb
Flavor: r-release-macos-x86_64
Version: 1.21.1
Check: package dependencies
Result: NOTE
Package suggested but not available for checking: ‘INLA’
Flavor: r-oldrel-macos-x86_64
Version: 1.21.1
Check: installed package size
Result: NOTE
installed size is 8.0Mb
sub-directories of 1Mb or more:
R 1.7Mb
doc 2.2Mb
libs 1.5Mb
Flavor: r-oldrel-macos-x86_64