Last updated on 2023-12-08 18:55:52 CET.
Flavor | Version | Tinstall | Tcheck | Ttotal | Status | Flags |
---|---|---|---|---|---|---|
r-devel-linux-x86_64-debian-clang | 0.4.9 | 17.80 | 259.36 | 277.16 | OK | |
r-devel-linux-x86_64-debian-gcc | 0.4.9 | 14.09 | 190.43 | 204.52 | OK | |
r-devel-linux-x86_64-fedora-clang | 0.4.9 | 286.00 | NOTE | |||
r-devel-linux-x86_64-fedora-gcc | 0.4.9 | 331.28 | OK | |||
r-devel-windows-x86_64 | 0.4.9 | 15.00 | 211.00 | 226.00 | NOTE | |
r-patched-linux-x86_64 | 0.4.9 | 24.79 | 247.66 | 272.45 | OK | |
r-release-linux-x86_64 | 0.4.9 | 15.12 | 241.09 | 256.21 | OK | |
r-release-macos-arm64 | 0.4.9 | 103.00 | NOTE | |||
r-release-macos-x86_64 | 0.4.9 | 165.00 | NOTE | |||
r-release-windows-x86_64 | 0.4.9 | 21.00 | 273.00 | 294.00 | NOTE | |
r-oldrel-macos-arm64 | 0.4.9 | 87.00 | NOTE | |||
r-oldrel-macos-x86_64 | 0.4.9 | 158.00 | NOTE | |||
r-oldrel-windows-x86_64 | 0.4.9 | 21.00 | 263.00 | 284.00 | NOTE |
Version: 0.4.9
Check: installed package size
Result: NOTE
installed size is 6.1Mb
sub-directories of 1Mb or more:
doc 5.6Mb
Flavors: r-devel-linux-x86_64-fedora-clang, r-devel-windows-x86_64, r-release-macos-arm64, r-release-macos-x86_64, r-release-windows-x86_64, r-oldrel-macos-arm64, r-oldrel-macos-x86_64, r-oldrel-windows-x86_64