Last updated on 2023-12-04 00:52:58 CET.
Flavor | Version | Tinstall | Tcheck | Ttotal | Status | Flags |
---|---|---|---|---|---|---|
r-devel-linux-x86_64-debian-clang | 1.3.11 | 169.60 | 230.24 | 399.84 | OK | |
r-devel-linux-x86_64-debian-gcc | 1.3.11 | 110.28 | 164.91 | 275.19 | OK | |
r-devel-linux-x86_64-fedora-clang | 1.3.11 | 539.75 | OK | |||
r-devel-linux-x86_64-fedora-gcc | 1.3.11 | 459.88 | OK | |||
r-devel-windows-x86_64 | 1.3.11 | 122.00 | 212.00 | 334.00 | OK | |
r-patched-linux-x86_64 | 1.3.11 | 139.98 | 221.33 | 361.31 | OK | |
r-release-linux-x86_64 | 1.3.11 | 139.05 | 213.64 | 352.69 | OK | |
r-release-macos-arm64 | 1.3.11 | 149.00 | NOTE | |||
r-release-macos-x86_64 | 1.3.11 | 239.00 | NOTE | |||
r-release-windows-x86_64 | 1.3.11 | 159.00 | 254.00 | 413.00 | OK | |
r-oldrel-macos-arm64 | 1.3.11 | 106.00 | NOTE | |||
r-oldrel-macos-x86_64 | 1.3.11 | 165.00 | NOTE | |||
r-oldrel-windows-x86_64 | 1.3.11 | 152.00 | 248.00 | 400.00 | OK |
Version: 1.3.11
Check: installed package size
Result: NOTE
installed size is 9.0Mb
sub-directories of 1Mb or more:
help 1.0Mb
libs 7.2Mb
Flavors: r-release-macos-arm64, r-release-macos-x86_64, r-oldrel-macos-arm64, r-oldrel-macos-x86_64