CRAN Package Check Results for Package svglite

Last updated on 2024-02-26 18:50:14 CET.

Flavor Version Tinstall Tcheck Ttotal Status Flags
r-devel-linux-x86_64-debian-clang 2.1.3 12.07 33.87 45.94 NOTE
r-devel-linux-x86_64-debian-gcc 2.1.3 11.55 26.19 37.74 NOTE
r-devel-linux-x86_64-fedora-clang 2.1.3 62.46 NOTE
r-devel-linux-x86_64-fedora-gcc 2.1.3 74.06 NOTE
r-devel-windows-x86_64 2.1.3 14.00 69.00 83.00 OK
r-patched-linux-x86_64 2.1.3 13.63 33.21 46.84 NOTE
r-release-linux-x86_64 2.1.3 13.70 32.73 46.43 NOTE
r-release-macos-arm64 2.1.3 36.00 NOTE
r-release-macos-x86_64 2.1.3 77.00 NOTE
r-release-windows-x86_64 2.1.3 16.00 80.00 96.00 OK
r-oldrel-macos-arm64 2.1.3 34.00 OK
r-oldrel-windows-x86_64 2.1.3 15.00 77.00 92.00 OK

Check Details

Version: 2.1.3
Check: C++ specification
Result: NOTE Specified C++11: please drop specification unless essential Flavors: r-devel-linux-x86_64-debian-clang, r-devel-linux-x86_64-debian-gcc, r-devel-linux-x86_64-fedora-clang, r-devel-linux-x86_64-fedora-gcc, r-patched-linux-x86_64, r-release-linux-x86_64, r-release-macos-arm64, r-release-macos-x86_64