CRAN Package Check Results for Package symengine

Last updated on 2024-02-25 18:51:39 CET.

Flavor Version Tinstall Tcheck Ttotal Status Flags
r-devel-linux-x86_64-debian-clang 0.2.4 544.09 69.89 613.98 ERROR
r-devel-linux-x86_64-debian-gcc 0.2.4 555.63 53.35 608.98 ERROR
r-devel-linux-x86_64-fedora-clang 0.2.4 954.92 ERROR
r-devel-linux-x86_64-fedora-gcc 0.2.4 1272.39 ERROR
r-devel-windows-x86_64 0.2.4 510.00 190.00 700.00 NOTE
r-patched-linux-x86_64 0.2.4 691.26 69.69 760.95 ERROR
r-release-linux-x86_64 0.2.4 673.28 69.23 742.51 ERROR
r-release-macos-arm64 0.2.4 256.00 NOTE
r-release-macos-x86_64 0.2.6 321.00 NOTE
r-release-windows-x86_64 0.2.4 531.00 237.00 768.00 NOTE
r-oldrel-macos-arm64 0.2.4 253.00 NOTE
r-oldrel-windows-x86_64 0.2.4 639.00 205.00 844.00 NOTE

Check Details

Version: 0.2.4
Check: package dependencies
Result: NOTE Package suggested but not available for checking: ‘odeintr’ Flavors: r-devel-linux-x86_64-debian-clang, r-devel-linux-x86_64-debian-gcc, r-devel-linux-x86_64-fedora-clang, r-devel-linux-x86_64-fedora-gcc, r-patched-linux-x86_64, r-release-linux-x86_64

Version: 0.2.4
Check: re-building of vignette outputs
Result: ERROR Error(s) in re-building vignettes: ... --- re-building ‘odesystem.Rmd’ using rmarkdown Quitting from lines 72-78 [unnamed-chunk-4] (odesystem.Rmd) Error: processing vignette 'odesystem.Rmd' failed with diagnostics: 'odeintr' package needs to be installed for this functionality --- failed re-building ‘odesystem.Rmd’ --- re-building ‘quick_start.Rmd’ using rmarkdown --- finished re-building ‘quick_start.Rmd’ SUMMARY: processing the following file failed: ‘odesystem.Rmd’ Error: Vignette re-building failed. Execution halted Flavors: r-devel-linux-x86_64-debian-clang, r-devel-linux-x86_64-debian-gcc, r-patched-linux-x86_64, r-release-linux-x86_64

Version: 0.2.4
Check: installed package size
Result: NOTE installed size is 7.0Mb sub-directories of 1Mb or more: libs 6.2Mb Flavors: r-devel-linux-x86_64-fedora-clang, r-devel-windows-x86_64, r-release-macos-arm64, r-release-windows-x86_64, r-oldrel-macos-arm64, r-oldrel-windows-x86_64

Version: 0.2.4
Check: for GNU extensions in Makefiles
Result: NOTE GNU make is a SystemRequirements. Flavors: r-devel-linux-x86_64-fedora-clang, r-devel-linux-x86_64-fedora-gcc, r-release-macos-arm64, r-oldrel-macos-arm64

Version: 0.2.4
Check: re-building of vignette outputs
Result: ERROR Error(s) in re-building vignettes: --- re-building ‘odesystem.Rmd’ using rmarkdown Quitting from lines 72-78 [unnamed-chunk-4] (odesystem.Rmd) Error: processing vignette 'odesystem.Rmd' failed with diagnostics: 'odeintr' package needs to be installed for this functionality --- failed re-building ‘odesystem.Rmd’ --- re-building ‘quick_start.Rmd’ using rmarkdown --- finished re-building ‘quick_start.Rmd’ SUMMARY: processing the following file failed: ‘odesystem.Rmd’ Error: Vignette re-building failed. Execution halted Flavors: r-devel-linux-x86_64-fedora-clang, r-devel-linux-x86_64-fedora-gcc

Version: 0.2.6
Check: installed package size
Result: NOTE installed size is 44.8Mb sub-directories of 1Mb or more: libs 44.0Mb Flavor: r-release-macos-x86_64

Version: 0.2.6
Check: for GNU extensions in Makefiles
Result: NOTE GNU make is a SystemRequirements. Flavor: r-release-macos-x86_64