CRAN Package Check Results for Package tRigon

Last updated on 2024-04-18 21:57:08 CEST.

Flavor Version Tinstall Tcheck Ttotal Status Flags
r-devel-linux-x86_64-debian-clang 0.3.2 18.98 146.05 165.03 OK
r-devel-linux-x86_64-debian-gcc 0.3.2 15.22 107.99 123.21 OK
r-devel-linux-x86_64-fedora-clang 0.3.2 214.68 NOTE
r-devel-linux-x86_64-fedora-gcc 0.3.2 217.36 OK
r-prerel-macos-arm64 0.3.2 61.00 OK
r-prerel-windows-x86_64 0.3.2 18.00 115.00 133.00 OK
r-patched-linux-x86_64 0.3.2 15.46 140.83 156.29 OK
r-release-linux-x86_64 0.3.2 17.24 136.47 153.71 OK
r-release-macos-arm64 0.3.2 46.00 OK
r-release-macos-x86_64 0.3.2 68.00 OK
r-release-windows-x86_64 0.3.2 22.00 141.00 163.00 OK
r-oldrel-macos-arm64 0.3.2 69.00 OK
r-oldrel-windows-x86_64 0.3.2 24.00 147.00 171.00 OK

Check Details

Version: 0.3.2
Check: package dependencies
Result: NOTE Imports includes 22 non-default packages. Importing from so many packages makes the package vulnerable to any of them becoming unavailable. Move as many as possible to Suggests and use conditionally. Flavor: r-devel-linux-x86_64-fedora-clang