Last updated on 2023-12-06 18:53:01 CET.
Flavor | Version | Tinstall | Tcheck | Ttotal | Status | Flags |
---|---|---|---|---|---|---|
r-devel-linux-x86_64-debian-clang | 5.1.1 | 16.02 | 129.83 | 145.85 | NOTE | |
r-devel-linux-x86_64-debian-gcc | 5.1.1 | 13.32 | 98.31 | 111.63 | NOTE | |
r-devel-linux-x86_64-fedora-clang | 5.1.1 | 180.24 | OK | |||
r-devel-linux-x86_64-fedora-gcc | 5.1.1 | 198.17 | OK | |||
r-devel-windows-x86_64 | 5.1.1 | 15.00 | 114.00 | 129.00 | OK | |
r-patched-linux-x86_64 | 5.1.1 | 16.78 | 125.49 | 142.27 | OK | |
r-release-linux-x86_64 | 5.1.1 | 9.71 | 126.32 | 136.03 | OK | |
r-release-macos-arm64 | 5.1.1 | 60.00 | OK | |||
r-release-macos-x86_64 | 5.1.1 | 100.00 | OK | |||
r-release-windows-x86_64 | 5.1.1 | 19.00 | 134.00 | 153.00 | OK | |
r-oldrel-macos-arm64 | 5.1.1 | 45.00 | OK | |||
r-oldrel-macos-x86_64 | 5.1.1 | 90.00 | OK | |||
r-oldrel-windows-x86_64 | 5.1.1 | 21.00 | 134.00 | 155.00 | OK |
Version: 5.1.1
Check: Rd files
Result: NOTE
checkRd: (-1) tabmulti.Rd:68: Lost braces
68 | \\code{yvarlabels = list(race = "Race/ethnicity", age_yrs = "Age (years)")}.}
| ^
checkRd: (-1) tabmulti.svy.Rd:67: Lost braces
67 | \\code{yvarlabels = list(race = "Race/ethnicity", age_yrs = "Age (years)")}.}
| ^
Flavors: r-devel-linux-x86_64-debian-clang, r-devel-linux-x86_64-debian-gcc