CRAN Package Check Results for Package tablaxlsx

Last updated on 2024-07-24 20:52:36 CEST.

Flavor Version Tinstall Tcheck Ttotal Status Flags
r-devel-linux-x86_64-debian-clang 1.2.5 2.62 38.22 40.84 OK
r-devel-linux-x86_64-debian-gcc 1.2.5 2.89 28.92 31.81 NOTE
r-devel-linux-x86_64-fedora-clang 1.2.5 55.32 OK
r-devel-linux-x86_64-fedora-gcc 1.2.5 52.56 OK
r-devel-windows-x86_64 1.2.5 5.00 56.00 61.00 NOTE
r-patched-linux-x86_64 1.2.5 7.03 37.13 44.16 OK
r-release-linux-x86_64 1.2.5 4.11 36.68 40.79 OK
r-release-macos-arm64 1.2.5 18.00 OK
r-release-macos-x86_64 1.2.5 28.00 OK
r-release-windows-x86_64 1.2.5 4.00 55.00 59.00 OK
r-oldrel-macos-arm64 1.2.5 26.00 OK
r-oldrel-macos-x86_64 1.2.5 56.00 OK
r-oldrel-windows-x86_64 1.2.5 5.00 57.00 62.00 OK

Check Details

Version: 1.2.5
Check: Rd cross-references
Result: NOTE Found the following Rd file(s) with Rd \link{} targets missing package anchors: bordear.Rd: createStyle escribirTabla.Rd: createStyle tablaxlsx.estilos.set.Rd: createStyle Please provide package anchors for all Rd \link{} targets not in the package itself and the base packages. Flavors: r-devel-linux-x86_64-debian-gcc, r-devel-windows-x86_64