CRAN Package Check Results for Package tci

Last updated on 2023-06-05 20:57:54 CEST.

Flavor Version Tinstall Tcheck Ttotal Status Flags
r-devel-linux-x86_64-debian-clang 0.2.0 42.01 235.62 277.63 NOTE
r-devel-linux-x86_64-debian-gcc 0.2.0 35.97 304.29 340.26 NOTE
r-devel-linux-x86_64-fedora-clang 0.2.0 323.13 NOTE
r-devel-linux-x86_64-fedora-gcc 0.2.0 371.50 NOTE
r-devel-windows-x86_64 0.2.0 38.00 189.00 227.00 NOTE
r-patched-linux-x86_64 0.2.0 39.95 278.04 317.99 NOTE
r-release-linux-x86_64 0.2.0 38.32 284.73 323.05 NOTE
r-release-macos-arm64 0.2.0 90.00 NOTE
r-release-macos-x86_64 0.2.0 139.00 NOTE
r-release-windows-x86_64 0.2.0 48.00 237.00 285.00 NOTE
r-oldrel-macos-arm64 0.2.0 70.00 NOTE
r-oldrel-macos-x86_64 0.2.0 102.00 NOTE
r-oldrel-windows-x86_64 0.2.0 44.00 225.00 269.00 OK

Check Details

Version: 0.2.0
Check: C++ specification
Result: NOTE
     Specified C++11: please drop specification unless essential
Flavors: r-devel-linux-x86_64-debian-clang, r-devel-linux-x86_64-debian-gcc, r-devel-linux-x86_64-fedora-clang, r-devel-linux-x86_64-fedora-gcc, r-devel-windows-x86_64, r-patched-linux-x86_64, r-release-linux-x86_64, r-release-macos-arm64, r-release-macos-x86_64, r-release-windows-x86_64

Version: 0.2.0
Check: dependencies in R code
Result: NOTE
    Namespaces in Imports field not imported from:
     ‘gridExtra’ ‘reshape2’ ‘truncnorm’ ‘xtable’
     All declared Imports should be used.
Flavors: r-devel-linux-x86_64-fedora-clang, r-devel-linux-x86_64-fedora-gcc, r-oldrel-macos-arm64, r-oldrel-macos-x86_64

Version: 0.2.0
Check: installed package size
Result: NOTE
     installed size is 5.1Mb
     sub-directories of 1Mb or more:
     libs 3.8Mb
Flavor: r-oldrel-macos-x86_64