CRAN Package Check Results for Package textshaping

Last updated on 2024-02-20 18:49:37 CET.

Flavor Version Tinstall Tcheck Ttotal Status Flags
r-devel-linux-x86_64-debian-clang 0.3.7 OK
r-devel-linux-x86_64-debian-gcc 0.3.7 17.72 19.79 37.51 OK
r-devel-linux-x86_64-fedora-clang 0.3.7 73.38 OK
r-devel-linux-x86_64-fedora-gcc 0.3.7 76.48 OK
r-devel-windows-x86_64 0.3.7 22.00 62.00 84.00 OK
r-patched-linux-x86_64 0.3.7 23.23 24.24 47.47 OK
r-release-linux-x86_64 0.3.7 21.93 24.60 46.53 OK
r-release-macos-arm64 0.3.7 31.00 NOTE
r-release-macos-x86_64 0.3.7 64.00 NOTE
r-release-windows-x86_64 0.3.7 29.00 72.00 101.00 OK
r-oldrel-macos-arm64 0.3.7 29.00 NOTE
r-oldrel-windows-x86_64 0.3.7 25.00 67.00 92.00 OK

Check Details

Version: 0.3.7
Check: installed package size
Result: NOTE installed size is 19.9Mb sub-directories of 1Mb or more: libs 19.7Mb Flavors: r-release-macos-arm64, r-release-macos-x86_64, r-oldrel-macos-arm64