CRAN Package Check Results for Package tfio

Last updated on 2023-12-10 18:52:27 CET.

Flavor Version Tinstall Tcheck Ttotal Status Flags
r-devel-linux-x86_64-debian-clang 0.4.1 8.27 91.89 100.16 NOTE
r-devel-linux-x86_64-debian-gcc 0.4.1 8.28 68.73 77.01 NOTE
r-devel-linux-x86_64-fedora-clang 0.4.1 123.00 NOTE
r-devel-linux-x86_64-fedora-gcc 0.4.1 131.44 NOTE
r-devel-windows-x86_64 0.4.1 10.00 87.00 97.00 NOTE
r-patched-linux-x86_64 0.4.1 9.57 89.83 99.40 NOTE
r-release-linux-x86_64 0.4.1 8.16 88.47 96.63 NOTE
r-release-macos-arm64 0.4.1 47.00 NOTE
r-release-macos-x86_64 0.4.1 76.00 NOTE
r-release-windows-x86_64 0.4.1 12.00 105.00 117.00 NOTE
r-oldrel-macos-arm64 0.4.1 34.00 NOTE
r-oldrel-macos-x86_64 0.4.1 70.00 NOTE
r-oldrel-windows-x86_64 0.4.1 11.00 98.00 109.00 NOTE

Check Details

Version: 0.4.1
Check: LazyData
Result: NOTE 'LazyData' is specified without a 'data' directory Flavors: r-devel-linux-x86_64-debian-clang, r-devel-linux-x86_64-debian-gcc, r-devel-linux-x86_64-fedora-clang, r-devel-linux-x86_64-fedora-gcc, r-devel-windows-x86_64, r-patched-linux-x86_64, r-release-linux-x86_64, r-release-macos-arm64, r-release-macos-x86_64, r-release-windows-x86_64, r-oldrel-macos-arm64, r-oldrel-macos-x86_64, r-oldrel-windows-x86_64