CRAN Package Check Results for Package thurstonianIRT

Last updated on 2024-06-13 20:49:31 CEST.

Flavor Version Tinstall Tcheck Ttotal Status Flags
r-devel-linux-x86_64-debian-clang 0.12.5 374.53 207.41 581.94 NOTE
r-devel-linux-x86_64-debian-gcc 0.12.5 0.40 1.90 2.30 ERROR
r-devel-linux-x86_64-fedora-clang 0.12.5 682.29 NOTE
r-devel-linux-x86_64-fedora-gcc 0.12.5 913.78 NOTE
r-devel-windows-x86_64 0.12.5 277.00 199.00 476.00 NOTE
r-patched-linux-x86_64 0.12.5 0.01 2.81 2.82 ERROR
r-release-linux-x86_64 0.12.5 0.01 2.78 2.79 ERROR
r-release-macos-arm64 0.12.5 184.00 NOTE
r-release-macos-x86_64 0.12.5 223.00 NOTE
r-release-windows-x86_64 0.12.5 261.00 205.00 466.00 NOTE
r-oldrel-macos-arm64 0.12.5 198.00 NOTE
r-oldrel-macos-x86_64 0.12.5 359.00 NOTE
r-oldrel-windows-x86_64 0.12.5 364.00 268.00 632.00 NOTE

Check Details

Version: 0.12.5
Check: for GNU extensions in Makefiles
Result: NOTE GNU make is a SystemRequirements. Flavors: r-devel-linux-x86_64-debian-clang, r-devel-linux-x86_64-fedora-clang, r-devel-linux-x86_64-fedora-gcc, r-devel-windows-x86_64, r-release-macos-arm64, r-release-macos-x86_64, r-release-windows-x86_64, r-oldrel-macos-arm64, r-oldrel-macos-x86_64, r-oldrel-windows-x86_64

Version: 0.12.5
Check: package dependencies
Result: ERROR Packages required but not available: 'dplyr', 'rstan', 'tibble', 'tidyr' Packages suggested but not available for checking: 'MplusAutomation', 'testthat' See section ‘The DESCRIPTION file’ in the ‘Writing R Extensions’ manual. Flavor: r-devel-linux-x86_64-debian-gcc

Version: 0.12.5
Check: whether package can be installed
Result: ERROR Installation failed. Flavors: r-patched-linux-x86_64, r-release-linux-x86_64

Version: 0.12.5
Check: installed package size
Result: NOTE installed size is 84.3Mb sub-directories of 1Mb or more: libs 83.8Mb Flavors: r-release-macos-arm64, r-release-macos-x86_64, r-oldrel-macos-arm64, r-oldrel-macos-x86_64