Last updated on 2023-12-05 18:49:41 CET.
Flavor | Version | Tinstall | Tcheck | Ttotal | Status | Flags |
---|---|---|---|---|---|---|
r-devel-linux-x86_64-debian-clang | 0.12.3 | 344.01 | 199.96 | 543.97 | NOTE | |
r-devel-linux-x86_64-debian-gcc | 0.12.3 | 258.22 | 162.96 | 421.18 | NOTE | |
r-devel-linux-x86_64-fedora-clang | 0.12.3 | 653.70 | NOTE | |||
r-devel-linux-x86_64-fedora-gcc | 0.12.3 | 801.18 | NOTE | |||
r-devel-windows-x86_64 | 0.12.3 | 242.00 | 186.00 | 428.00 | NOTE | |
r-patched-linux-x86_64 | 0.12.3 | 216.97 | 209.22 | 426.19 | NOTE | |
r-release-linux-x86_64 | 0.12.3 | 220.21 | 213.83 | 434.04 | NOTE | |
r-release-macos-arm64 | 0.12.3 | 159.00 | NOTE | |||
r-release-macos-x86_64 | 0.12.3 | 268.00 | NOTE | |||
r-release-windows-x86_64 | 0.12.3 | 312.00 | 231.00 | 543.00 | NOTE | |
r-oldrel-macos-arm64 | 0.12.3 | 147.00 | NOTE | |||
r-oldrel-macos-x86_64 | 0.12.3 | 222.00 | NOTE | |||
r-oldrel-windows-x86_64 | 0.12.3 | 284.00 | 224.00 | 508.00 | NOTE |
Version: 0.12.3
Check: for GNU extensions in Makefiles
Result: NOTE
GNU make is a SystemRequirements.
Flavors: r-devel-linux-x86_64-debian-clang, r-devel-linux-x86_64-debian-gcc, r-devel-linux-x86_64-fedora-clang, r-devel-linux-x86_64-fedora-gcc, r-devel-windows-x86_64, r-patched-linux-x86_64, r-release-linux-x86_64, r-release-macos-arm64, r-release-macos-x86_64, r-release-windows-x86_64, r-oldrel-macos-arm64, r-oldrel-macos-x86_64, r-oldrel-windows-x86_64
Version: 0.12.3
Check: dependencies in R code
Result: NOTE
Namespaces in Imports field not imported from:
‘RcppParallel’ ‘knitr’
All declared Imports should be used.
Flavors: r-devel-linux-x86_64-fedora-clang, r-devel-linux-x86_64-fedora-gcc
Version: 0.12.3
Check: installed package size
Result: NOTE
installed size is 51.5Mb
sub-directories of 1Mb or more:
libs 51.1Mb
Flavors: r-release-macos-arm64, r-release-macos-x86_64, r-oldrel-macos-arm64, r-oldrel-macos-x86_64