CRAN Package Check Results for Package tidybins

Last updated on 2024-02-27 18:49:31 CET.

Flavor Version Tinstall Tcheck Ttotal Status Flags
r-devel-linux-x86_64-debian-clang 0.1.0 3.02 42.40 45.42 NOTE
r-devel-linux-x86_64-debian-gcc 0.1.0 2.45 33.40 35.85 NOTE
r-devel-linux-x86_64-fedora-clang 0.1.0 56.27 NOTE
r-devel-linux-x86_64-fedora-gcc 0.1.0 67.25 NOTE
r-devel-windows-x86_64 0.1.0 4.00 62.00 66.00 OK
r-patched-linux-x86_64 0.1.0 2.46 40.72 43.18 OK
r-release-linux-x86_64 0.1.0 2.06 41.29 43.35 OK
r-release-macos-arm64 0.1.0 32.00 OK
r-release-macos-x86_64 0.1.0 44.00 OK
r-release-windows-x86_64 0.1.0 5.00 65.00 70.00 OK
r-oldrel-macos-arm64 0.1.0 22.00 NOTE
r-oldrel-windows-x86_64 0.1.0 5.00 63.00 68.00 OK

Check Details

Version: 0.1.0
Check: Rd files
Result: NOTE checkRd: (-1) bin_cols.Rd:50: Lost braces in \itemize; meant \describe ? checkRd: (-1) bin_cols.Rd:51: Lost braces in \itemize; meant \describe ? checkRd: (-1) bin_cols.Rd:52: Lost braces in \itemize; meant \describe ? checkRd: (-1) bin_cols.Rd:53: Lost braces in \itemize; meant \describe ? checkRd: (-1) bin_cols.Rd:54: Lost braces in \itemize; meant \describe ? checkRd: (-1) bin_cols.Rd:55: Lost braces in \itemize; meant \describe ? checkRd: (-1) bin_cols.Rd:56: Lost braces in \itemize; meant \describe ? checkRd: (-1) bin_cols.Rd:57: Lost braces in \itemize; meant \describe ? checkRd: (-1) bin_cols.Rd:58: Lost braces in \itemize; meant \describe ? Flavors: r-devel-linux-x86_64-debian-clang, r-devel-linux-x86_64-debian-gcc, r-devel-linux-x86_64-fedora-clang, r-devel-linux-x86_64-fedora-gcc

Version: 0.1.0
Check: dependencies in R code
Result: NOTE Namespaces in Imports field not imported from: ‘badger’ ‘ggplot2’ ‘lubridate’ ‘scales’ ‘xgboost’ All declared Imports should be used. Flavors: r-devel-linux-x86_64-fedora-clang, r-devel-linux-x86_64-fedora-gcc, r-oldrel-macos-arm64