Last updated on 2023-11-30 18:49:48 CET.
Flavor | Version | Tinstall | Tcheck | Ttotal | Status | Flags |
---|---|---|---|---|---|---|
r-devel-linux-x86_64-debian-clang | 0.2.1 | 18.79 | 52.87 | 71.66 | NOTE | |
r-devel-linux-x86_64-debian-gcc | 0.2.1 | 13.20 | 37.95 | 51.15 | NOTE | |
r-devel-linux-x86_64-fedora-clang | 0.2.1 | 96.47 | NOTE | |||
r-devel-linux-x86_64-fedora-gcc | 0.2.1 | 88.10 | NOTE | |||
r-devel-windows-x86_64 | 0.2.1 | 17.00 | 75.00 | 92.00 | NOTE | |
r-patched-linux-x86_64 | 0.2.1 | 17.48 | 49.93 | 67.41 | NOTE | |
r-release-linux-x86_64 | 0.2.1 | 17.30 | 48.60 | 65.90 | NOTE | |
r-release-macos-arm64 | 0.2.1 | 29.00 | NOTE | |||
r-release-macos-x86_64 | 0.2.1 | 47.00 | NOTE | |||
r-release-windows-x86_64 | 0.2.1 | 18.00 | 89.00 | 107.00 | NOTE | |
r-oldrel-macos-arm64 | 0.2.1 | 28.00 | NOTE | |||
r-oldrel-macos-x86_64 | 0.2.1 | 38.00 | NOTE | |||
r-oldrel-windows-x86_64 | 0.2.1 | 20.00 | 81.00 | 101.00 | NOTE |
Version: 0.2.1
Check: LazyData
Result: NOTE
'LazyData' is specified without a 'data' directory
Flavors: r-devel-linux-x86_64-debian-clang, r-devel-linux-x86_64-debian-gcc, r-devel-linux-x86_64-fedora-clang, r-devel-linux-x86_64-fedora-gcc, r-devel-windows-x86_64, r-patched-linux-x86_64, r-release-linux-x86_64, r-release-macos-arm64, r-release-macos-x86_64, r-release-windows-x86_64, r-oldrel-macos-arm64, r-oldrel-macos-x86_64, r-oldrel-windows-x86_64