CRAN Package Check Results for Package tidymodels

Last updated on 2024-02-22 18:50:40 CET.

Flavor Version Tinstall Tcheck Ttotal Status Flags
r-devel-linux-x86_64-debian-clang 1.1.1 OK
r-devel-linux-x86_64-debian-gcc 1.1.1 14.15 120.56 134.71 OK
r-devel-linux-x86_64-fedora-clang 1.1.1 217.59 NOTE
r-devel-linux-x86_64-fedora-gcc 1.1.1 233.16 OK
r-devel-windows-x86_64 1.1.1 16.00 127.00 143.00 OK
r-patched-linux-x86_64 1.1.1 11.34 154.27 165.61 OK
r-release-linux-x86_64 1.1.1 12.22 154.54 166.76 OK
r-release-macos-arm64 1.1.1 69.00 OK
r-release-macos-x86_64 1.1.1 167.00 OK
r-release-windows-x86_64 1.1.1 20.00 157.00 177.00 OK
r-oldrel-macos-arm64 1.1.1 71.00 OK
r-oldrel-windows-x86_64 1.1.1 23.00 165.00 188.00 OK

Check Details

Version: 1.1.1
Check: package dependencies
Result: NOTE Imports includes 21 non-default packages. Importing from so many packages makes the package vulnerable to any of them becoming unavailable. Move as many as possible to Suggests and use conditionally. Flavor: r-devel-linux-x86_64-fedora-clang