CRAN Package Check Results for Package tidypaleo

Last updated on 2024-06-12 20:59:18 CEST.

Flavor Version Tinstall Tcheck Ttotal Status Flags
r-devel-linux-x86_64-debian-clang 0.1.3 10.47 201.89 212.36 OK
r-devel-linux-x86_64-debian-gcc 0.1.3 0.62 1.87 2.49 ERROR
r-devel-linux-x86_64-fedora-clang 0.1.3 260.02 OK
r-devel-linux-x86_64-fedora-gcc 0.1.3 260.12 OK
r-devel-windows-x86_64 0.1.3 8.00 153.00 161.00 OK
r-patched-linux-x86_64 0.1.3 9.30 192.12 201.42 OK
r-release-linux-x86_64 0.1.3 6.05 188.22 194.27 OK
r-release-macos-arm64 0.1.3 73.00 OK
r-release-macos-x86_64 0.1.3 119.00 OK
r-release-windows-x86_64 0.1.3 11.00 155.00 166.00 OK
r-oldrel-macos-arm64 0.1.3 72.00 OK
r-oldrel-macos-x86_64 0.1.3 126.00 OK
r-oldrel-windows-x86_64 0.1.3 12.00 188.00 200.00 OK

Check Details

Version: 0.1.3
Check: package dependencies
Result: ERROR Packages required but not available: 'tidyselect', 'dplyr', 'vctrs', 'tibble', 'ggplot2', 'styler', 'purrr', 'ggstance', 'stringr', 'tidyr' Packages suggested but not available for checking: 'testthat', 'patchwork', 'forcats', 'vdiffr' See section ‘The DESCRIPTION file’ in the ‘Writing R Extensions’ manual. Flavor: r-devel-linux-x86_64-debian-gcc