CRAN Package Check Results for Package tidyquant

Last updated on 2023-11-29 18:49:04 CET.

Flavor Version Tinstall Tcheck Ttotal Status Flags
r-devel-linux-x86_64-debian-clang 1.0.7 14.03 248.69 262.72 OK
r-devel-linux-x86_64-debian-gcc 1.0.7 8.33 182.99 191.32 OK
r-devel-linux-x86_64-fedora-clang 1.0.7 316.77 NOTE
r-devel-linux-x86_64-fedora-gcc 1.0.7 336.08 NOTE
r-devel-windows-x86_64 1.0.7 14.00 207.00 221.00 OK
r-patched-linux-x86_64 1.0.7 19.87 236.92 256.79 OK
r-release-linux-x86_64 1.0.7 8.11 237.50 245.61 OK
r-release-macos-arm64 1.0.7 144.00 NOTE
r-release-macos-x86_64 1.0.7 206.00 OK
r-release-windows-x86_64 1.0.7 16.00 272.00 288.00 OK
r-oldrel-macos-arm64 1.0.7 144.00 NOTE
r-oldrel-macos-x86_64 1.0.7 158.00 OK
r-oldrel-windows-x86_64 1.0.7 17.00 261.00 278.00 OK

Check Details

Version: 1.0.7
Check: package dependencies
Result: NOTE Imports includes 23 non-default packages. Importing from so many packages makes the package vulnerable to any of them becoming unavailable. Move as many as possible to Suggests and use conditionally. Flavor: r-devel-linux-x86_64-fedora-clang

Version: 1.0.7
Check: dependencies in R code
Result: NOTE Namespace in Imports field not imported from: ‘tidyverse’ All declared Imports should be used. Flavors: r-devel-linux-x86_64-fedora-clang, r-devel-linux-x86_64-fedora-gcc

Version: 1.0.7
Check: package dependencies
Result: NOTE Package suggested but not available for checking: ‘Rblpapi’ Flavors: r-release-macos-arm64, r-oldrel-macos-arm64

Version: 1.0.7
Check: Rd cross-references
Result: NOTE Package unavailable to check Rd xrefs: ‘Rblpapi’ Flavors: r-release-macos-arm64, r-oldrel-macos-arm64