CRAN Package Check Results for Package tidystringdist

Last updated on 2024-04-21 20:53:39 CEST.

Flavor Version Tinstall Tcheck Ttotal Status Flags
r-devel-linux-x86_64-debian-clang 0.1.4 3.94 48.08 52.02 NOTE
r-devel-linux-x86_64-debian-gcc 0.1.4 3.45 36.88 40.33 NOTE
r-devel-linux-x86_64-fedora-clang 0.1.4 68.71 NOTE
r-devel-linux-x86_64-fedora-gcc 0.1.4 76.94 NOTE
r-prerel-macos-arm64 0.1.4 31.00 NOTE
r-prerel-windows-x86_64 0.1.4 5.00 63.00 68.00 NOTE
r-patched-linux-x86_64 0.1.4 3.77 46.82 50.59 NOTE
r-release-linux-x86_64 0.1.4 3.89 43.98 47.87 NOTE
r-release-macos-arm64 0.1.4 32.00 NOTE
r-release-macos-x86_64 0.1.4 48.00 NOTE
r-release-windows-x86_64 0.1.4 6.00 64.00 70.00 NOTE
r-oldrel-macos-arm64 0.1.4 21.00 NOTE
r-oldrel-windows-x86_64 0.1.4 6.00 69.00 75.00 NOTE

Check Details

Version: 0.1.4
Check: LazyData
Result: NOTE 'LazyData' is specified without a 'data' directory Flavors: r-devel-linux-x86_64-debian-clang, r-devel-linux-x86_64-debian-gcc, r-devel-linux-x86_64-fedora-clang, r-devel-linux-x86_64-fedora-gcc, r-prerel-macos-arm64, r-prerel-windows-x86_64, r-patched-linux-x86_64, r-release-linux-x86_64, r-release-macos-arm64, r-release-macos-x86_64, r-release-windows-x86_64, r-oldrel-macos-arm64, r-oldrel-windows-x86_64