Last updated on 2023-09-30 19:56:02 CEST.
Flavor | Version | Tinstall | Tcheck | Ttotal | Status | Flags |
---|---|---|---|---|---|---|
r-devel-linux-x86_64-debian-clang | 2.0.0 | 6.91 | 57.53 | 64.44 | OK | |
r-devel-linux-x86_64-debian-gcc | 2.0.0 | 5.81 | 43.03 | 48.84 | OK | |
r-devel-linux-x86_64-fedora-clang | 2.0.0 | 83.27 | NOTE | |||
r-devel-linux-x86_64-fedora-gcc | 2.0.0 | 95.44 | OK | |||
r-devel-windows-x86_64 | 2.0.0 | 7.00 | 64.00 | 71.00 | OK | |
r-patched-linux-x86_64 | 2.0.0 | 6.27 | 53.36 | 59.63 | OK | |
r-release-linux-x86_64 | 2.0.0 | 4.31 | 54.43 | 58.74 | OK | |
r-release-macos-arm64 | 2.0.0 | 37.00 | OK | |||
r-release-macos-x86_64 | 2.0.0 | 59.00 | OK | |||
r-release-windows-x86_64 | 2.0.0 | 10.00 | 73.00 | 83.00 | OK | |
r-oldrel-macos-arm64 | 2.0.0 | 29.00 | OK | |||
r-oldrel-macos-x86_64 | 2.0.0 | 46.00 | OK | |||
r-oldrel-windows-x86_64 | 2.0.0 | 10.00 | 91.00 | 101.00 | OK |
Version: 2.0.0
Check: package dependencies
Result: NOTE
Imports includes 30 non-default packages.
Importing from so many packages makes the package vulnerable to any of
them becoming unavailable. Move as many as possible to Suggests and
use conditionally.
Flavor: r-devel-linux-x86_64-fedora-clang