CRAN Package Check Results for Package tigerstats

Last updated on 2023-11-28 18:49:36 CET.

Flavor Version Tinstall Tcheck Ttotal Status Flags
r-devel-linux-x86_64-debian-clang 0.3.2 22.49 143.71 166.20 NOTE
r-devel-linux-x86_64-debian-gcc 0.3.2 16.51 105.96 122.47 NOTE
r-devel-linux-x86_64-fedora-clang 0.3.2 202.31 OK
r-devel-linux-x86_64-fedora-gcc 0.3.2 190.93 OK
r-devel-windows-x86_64 0.3.2 18.00 134.00 152.00 OK
r-patched-linux-x86_64 0.3.2 14.83 134.50 149.33 OK
r-release-linux-x86_64 0.3.2 15.14 133.61 148.75 OK
r-release-macos-arm64 0.3.2 62.00 OK
r-release-macos-x86_64 0.3.2 114.00 OK
r-release-windows-x86_64 0.3.2 25.00 160.00 185.00 OK
r-oldrel-macos-arm64 0.3.2 56.00 OK
r-oldrel-macos-x86_64 0.3.2 108.00 OK
r-oldrel-windows-x86_64 0.3.2 26.00 151.00 177.00 OK

Check Details

Version: 0.3.2
Check: Rd files
Result: NOTE checkRd: (-1) music.Rd:19: Lost braces in \itemize; meant \describe ? checkRd: (-1) music.Rd:20: Lost braces in \itemize; meant \describe ? checkRd: (-1) music.Rd:21: Lost braces in \itemize; meant \describe ? checkRd: (-1) music.Rd:22: Lost braces in \itemize; meant \describe ? checkRd: (-1) temperature.Rd:17: Lost braces in \itemize; meant \describe ? checkRd: (-1) temperature.Rd:18: Lost braces in \itemize; meant \describe ? checkRd: (-1) temperature.Rd:19: Lost braces in \itemize; meant \describe ? checkRd: (-1) temperature.Rd:20: Lost braces in \itemize; meant \describe ? checkRd: (-1) temperature.Rd:21: Lost braces in \itemize; meant \describe ? checkRd: (-1) tips.Rd:21: Lost braces in \itemize; meant \describe ? checkRd: (-1) tips.Rd:22: Lost braces in \itemize; meant \describe ? checkRd: (-1) tips.Rd:23: Lost braces in \itemize; meant \describe ? checkRd: (-1) tips.Rd:24: Lost braces in \itemize; meant \describe ? checkRd: (-1) tips.Rd:25: Lost braces in \itemize; meant \describe ? checkRd: (-1) tips.Rd:26: Lost braces in \itemize; meant \describe ? checkRd: (-1) tips.Rd:27: Lost braces in \itemize; meant \describe ? checkRd: (-1) tips.Rd:28: Lost braces in \itemize; meant \describe ? checkRd: (-1) tornado.Rd:17: Lost braces in \itemize; meant \describe ? checkRd: (-1) tornado.Rd:18: Lost braces in \itemize; meant \describe ? checkRd: (-1) ucdavis1.Rd:17: Lost braces in \itemize; meant \describe ? checkRd: (-1) ucdavis1.Rd:18: Lost braces in \itemize; meant \describe ? checkRd: (-1) ucdavis1.Rd:19: Lost braces in \itemize; meant \describe ? checkRd: (-1) ucdavis1.Rd:20: Lost braces in \itemize; meant \describe ? checkRd: (-1) ucdavis1.Rd:21-22: Lost braces in \itemize; meant \describe ? checkRd: (-1) ucdavis1.Rd:23: Lost braces in \itemize; meant \describe ? checkRd: (-1) ucdavis1.Rd:24: Lost braces in \itemize; meant \describe ? checkRd: (-1) ucdavis1.Rd:25: Lost braces in \itemize; meant \describe ? checkRd: (-1) ucdavis1.Rd:26: Lost braces in \itemize; meant \describe ? checkRd: (-1) ucdavis1.Rd:27: Lost braces in \itemize; meant \describe ? checkRd: (-1) ucdavis1.Rd:28: Lost braces in \itemize; meant \describe ? checkRd: (-1) ucdavis1.Rd:29-30: Lost braces in \itemize; meant \describe ? Flavors: r-devel-linux-x86_64-debian-clang, r-devel-linux-x86_64-debian-gcc