Last updated on 2023-12-05 18:49:41 CET.
Flavor | Version | Tinstall | Tcheck | Ttotal | Status | Flags |
---|---|---|---|---|---|---|
r-devel-linux-x86_64-debian-clang | 1.1.0 | 49.91 | 547.49 | 597.40 | OK | |
r-devel-linux-x86_64-debian-gcc | 1.1.0 | 48.40 | 427.90 | 476.30 | OK | |
r-devel-linux-x86_64-fedora-clang | 1.1.0 | 630.85 | OK | |||
r-devel-linux-x86_64-fedora-gcc | 1.1.0 | 613.01 | OK | |||
r-devel-windows-x86_64 | 1.1.0 | 46.00 | 426.00 | 472.00 | OK | |
r-patched-linux-x86_64 | 1.1.0 | 41.64 | 536.45 | 578.09 | OK | |
r-release-linux-x86_64 | 1.1.0 | 38.11 | 517.07 | 555.18 | OK | |
r-release-macos-arm64 | 1.1.0 | 206.00 | NOTE | |||
r-release-macos-x86_64 | 1.1.0 | 457.00 | OK | |||
r-release-windows-x86_64 | 1.1.0 | 62.00 | 526.00 | 588.00 | OK | |
r-oldrel-macos-arm64 | 1.1.0 | 206.00 | NOTE | |||
r-oldrel-macos-x86_64 | 1.1.0 | 258.00 | OK | |||
r-oldrel-windows-x86_64 | 1.1.0 | 60.00 | 455.00 | 515.00 | OK |
Version: 1.1.0
Check: installed package size
Result: NOTE
installed size is 5.1Mb
sub-directories of 1Mb or more:
data 4.5Mb
Flavors: r-release-macos-arm64, r-oldrel-macos-arm64