CRAN Package Check Results for Package tinyarray

Last updated on 2024-06-16 20:53:32 CEST.

Flavor Version Tinstall Tcheck Ttotal Status Flags
r-devel-linux-x86_64-debian-clang 2.4.2 40.90 376.96 417.86 OK
r-devel-linux-x86_64-debian-gcc 2.4.2 32.68 280.30 312.98 OK
r-devel-linux-x86_64-fedora-clang 2.4.2 557.85 OK
r-devel-linux-x86_64-fedora-gcc 2.4.2 524.22 OK
r-devel-windows-x86_64 2.4.1 38.00 280.00 318.00 OK
r-patched-linux-x86_64 2.4.1 31.36 368.08 399.44 OK
r-release-linux-x86_64 2.4.1 33.94 307.49 341.43 OK
r-release-macos-arm64 2.4.2 86.00 NOTE
r-release-macos-x86_64 2.4.2 163.00 OK
r-release-windows-x86_64 2.4.2 37.00 280.00 317.00 OK
r-oldrel-macos-arm64 2.4.2 97.00 NOTE
r-oldrel-macos-x86_64 2.4.2 160.00 NOTE
r-oldrel-windows-x86_64 2.4.2 37.00 294.00 331.00 OK

Check Details

Version: 2.4.2
Check: package dependencies
Result: NOTE Packages suggested but not available for checking: 'org.Rn.eg.db', 'org.Mm.eg.db' Flavors: r-release-macos-arm64, r-oldrel-macos-x86_64

Version: 2.4.2
Check: package dependencies
Result: NOTE Package suggested but not available for checking: ‘org.Rn.eg.db’ Flavor: r-oldrel-macos-arm64