Last updated on 2023-12-10 18:52:27 CET.
Flavor | Version | Tinstall | Tcheck | Ttotal | Status | Flags |
---|---|---|---|---|---|---|
r-devel-linux-x86_64-debian-clang | 2.3.1 | 41.87 | 363.78 | 405.65 | OK | |
r-devel-linux-x86_64-debian-gcc | 2.3.1 | 34.61 | 283.38 | 317.99 | OK | |
r-devel-linux-x86_64-fedora-clang | 2.3.1 | 431.77 | NOTE | |||
r-devel-linux-x86_64-fedora-gcc | 2.3.1 | 543.36 | NOTE | |||
r-devel-windows-x86_64 | 2.3.1 | 8.00 | 5.00 | 13.00 | ERROR | |
r-patched-linux-x86_64 | 2.3.1 | 38.04 | 330.53 | 368.57 | OK | |
r-release-linux-x86_64 | 2.3.1 | 36.70 | 346.41 | 383.11 | OK | |
r-release-macos-arm64 | 2.3.1 | 142.00 | NOTE | |||
r-release-macos-x86_64 | 2.3.1 | 151.00 | NOTE | |||
r-release-windows-x86_64 | 2.3.1 | 11.00 | 5.00 | 16.00 | ERROR | |
r-oldrel-macos-arm64 | 2.3.1 | 121.00 | NOTE | |||
r-oldrel-macos-x86_64 | 2.3.1 | 176.00 | NOTE | |||
r-oldrel-windows-x86_64 | 2.3.1 | 44.00 | 352.00 | 396.00 | OK |
Version: 2.3.1
Check: data for non-ASCII characters
Result: NOTE
Note: found 2 marked UTF-8 strings
Flavors: r-devel-linux-x86_64-fedora-clang, r-devel-linux-x86_64-fedora-gcc
Version: 2.3.1
Check: whether package can be installed
Result: ERROR
Installation failed.
Flavors: r-devel-windows-x86_64, r-release-windows-x86_64
Version: 2.3.1
Check: package dependencies
Result: NOTE
Package suggested but not available for checking: ‘org.Rn.eg.db’
Flavors: r-release-macos-arm64, r-oldrel-macos-arm64, r-oldrel-macos-x86_64
Version: 2.3.1
Check: package dependencies
Result: NOTE
Packages suggested but not available for checking:
'org.Rn.eg.db', 'org.Mm.eg.db'
Flavor: r-release-macos-x86_64