CRAN Package Check Results for Package tinysnapshot

Last updated on 2024-06-13 20:49:31 CEST.

Flavor Version Tinstall Tcheck Ttotal Status Flags
r-devel-linux-x86_64-debian-clang 0.0.5 2.51 24.23 26.74 OK
r-devel-linux-x86_64-debian-gcc 0.0.5 0.36 1.68 2.04 ERROR
r-devel-linux-x86_64-fedora-clang 0.0.5 34.27 OK
r-devel-linux-x86_64-fedora-gcc 0.0.5 32.59 OK
r-devel-windows-x86_64 0.0.5 3.00 40.00 43.00 OK
r-patched-linux-x86_64 0.0.5 2.63 23.07 25.70 OK
r-release-linux-x86_64 0.0.5 2.22 23.28 25.50 OK
r-release-macos-arm64 0.0.5 20.00 OK
r-release-macos-x86_64 0.0.5 30.00 OK
r-release-windows-x86_64 0.0.5 3.00 43.00 46.00 OK
r-oldrel-macos-arm64 0.0.5 22.00 OK
r-oldrel-macos-x86_64 0.0.5 37.00 OK
r-oldrel-windows-x86_64 0.0.5 4.00 42.00 46.00 OK

Check Details

Version: 0.0.5
Check: package dependencies
Result: ERROR Package required but not available: ‘magick’ Package suggested but not available for checking: ‘ggplot2’ See section ‘The DESCRIPTION file’ in the ‘Writing R Extensions’ manual. Flavor: r-devel-linux-x86_64-debian-gcc