Last updated on 2023-12-04 18:52:33 CET.
Flavor | Version | Tinstall | Tcheck | Ttotal | Status | Flags |
---|---|---|---|---|---|---|
r-devel-linux-x86_64-debian-clang | 3.1-1 | 8.58 | 112.05 | 120.63 | NOTE | |
r-devel-linux-x86_64-debian-gcc | 3.1-1 | 6.74 | 82.33 | 89.07 | NOTE | |
r-devel-linux-x86_64-fedora-clang | 3.1-1 | 147.16 | NOTE | |||
r-devel-linux-x86_64-fedora-gcc | 3.1-1 | 138.03 | NOTE | |||
r-devel-windows-x86_64 | 3.1-1 | 10.00 | 101.00 | 111.00 | NOTE | |
r-patched-linux-x86_64 | 3.1-1 | 8.56 | 105.45 | 114.01 | NOTE | |
r-release-linux-x86_64 | 3.1-1 | 7.54 | 107.61 | 115.15 | NOTE | |
r-release-macos-arm64 | 3.1-1 | 54.00 | NOTE | |||
r-release-macos-x86_64 | 3.1-1 | 80.00 | NOTE | |||
r-release-windows-x86_64 | 3.1-1 | 12.00 | 116.00 | 128.00 | NOTE | |
r-oldrel-macos-arm64 | 3.1-1 | 49.00 | NOTE | |||
r-oldrel-macos-x86_64 | 3.1-1 | 90.00 | NOTE | |||
r-oldrel-windows-x86_64 | 3.1-1 | 11.00 | 117.00 | 128.00 | NOTE |
Version: 3.1-1
Check: LazyData
Result: NOTE
'LazyData' is specified without a 'data' directory
Flavors: r-devel-linux-x86_64-debian-clang, r-devel-linux-x86_64-debian-gcc, r-devel-linux-x86_64-fedora-clang, r-devel-linux-x86_64-fedora-gcc, r-devel-windows-x86_64, r-patched-linux-x86_64, r-release-linux-x86_64, r-release-macos-arm64, r-release-macos-x86_64, r-release-windows-x86_64, r-oldrel-macos-arm64, r-oldrel-macos-x86_64, r-oldrel-windows-x86_64
Version: 3.1-1
Check: Rd cross-references
Result: NOTE
Undeclared package ‘sp’ in Rd xrefs
Flavor: r-devel-linux-x86_64-fedora-clang
Version: 3.1-1
Check: package dependencies
Result: NOTE
Package suggested but not available for checking: ‘OpenStreetMap’
Flavor: r-oldrel-macos-x86_64
Version: 3.1-1
Check: Rd cross-references
Result: NOTE
Package unavailable to check Rd xrefs: ‘OpenStreetMap’
Flavor: r-oldrel-macos-x86_64