Last updated on 2023-12-09 18:54:34 CET.
Flavor | Version | Tinstall | Tcheck | Ttotal | Status | Flags |
---|---|---|---|---|---|---|
r-devel-linux-x86_64-debian-clang | 0.1.2 | 6.02 | 72.20 | 78.22 | NOTE | |
r-devel-linux-x86_64-debian-gcc | 0.1.2 | 5.04 | 53.43 | 58.47 | NOTE | |
r-devel-linux-x86_64-fedora-clang | 0.1.2 | 99.87 | OK | |||
r-devel-linux-x86_64-fedora-gcc | 0.1.2 | 102.81 | OK | |||
r-devel-windows-x86_64 | 0.1.2 | 7.00 | 85.00 | 92.00 | OK | |
r-patched-linux-x86_64 | 0.1.2 | 4.59 | 67.36 | 71.95 | OK | |
r-release-linux-x86_64 | 0.1.2 | 5.15 | 66.67 | 71.82 | OK | |
r-release-macos-arm64 | 0.1.2 | 40.00 | OK | |||
r-release-macos-x86_64 | 0.1.2 | 59.00 | OK | |||
r-release-windows-x86_64 | 0.1.2 | 8.00 | 89.00 | 97.00 | OK | |
r-oldrel-macos-arm64 | 0.1.2 | 32.00 | OK | |||
r-oldrel-macos-x86_64 | 0.1.2 | 48.00 | OK | |||
r-oldrel-windows-x86_64 | 0.1.2 | 9.00 | 90.00 | 99.00 | OK |
Version: 0.1.2
Check: Rd files
Result: NOTE
checkRd: (-1) Data.Rd:10: Lost braces in \itemize; meant \describe ?
checkRd: (-1) Data.Rd:11: Lost braces in \itemize; meant \describe ?
checkRd: (-1) Data.Rd:12: Lost braces in \itemize; meant \describe ?
checkRd: (-1) Data.Rd:13: Lost braces in \itemize; meant \describe ?
checkRd: (-1) Data.Rd:14: Lost braces in \itemize; meant \describe ?
checkRd: (-1) Data.Rd:15: Lost braces in \itemize; meant \describe ?
checkRd: (-1) Data.Rd:16: Lost braces in \itemize; meant \describe ?
checkRd: (-1) Data.Rd:17: Lost braces in \itemize; meant \describe ?
Flavors: r-devel-linux-x86_64-debian-clang, r-devel-linux-x86_64-debian-gcc